{"id":19357,"date":"2016-08-04T16:59:50","date_gmt":"2016-08-04T20:59:50","guid":{"rendered":"https:\/\/sabereswp.saberesafricanos.net\/index.php\/evento\/7-de-agosto-de-1960-independencia-de-costa-de-marfil-4\/"},"modified":"2016-08-04T16:59:50","modified_gmt":"2016-08-04T20:59:50","slug":"7-de-agosto-de-1960-independencia-de-costa-de-marfil-4","status":"publish","type":"tribe_events","link":"https:\/\/sabereswp.saberesafricanos.net\/index.php\/evento\/7-de-agosto-de-1960-independencia-de-costa-de-marfil-4\/","title":{"rendered":"7 de agosto de 1960:  Independencia de Costa de Marfil"},"content":{"rendered":"<p><img loading=\"lazy\" decoding=\"async\" class=\" size-full wp-image-18949\" src=\"https:\/\/sabereswp.saberesafricanos.net\/wp-content\/uploads\/2016\/08\/Costa_de_Marfil-ab4.png\" alt=\"Costa de Marfil\" width=\"500\" height=\"333\" style=\"border: 2px solid #ffffff; display: block; margin-left: auto; margin-right: auto;\" \/><\/p>\n<p>Como parte de la expansi\u00f3n francesa en \u00c1frica occidental, la zona se convirti\u00f3 en la colonia aut\u00f3noma de Costa de Marfil en 1893. Se organiz\u00f3 una enconada resistencia entre los franceses, y fueron frecuentes las revueltas. En 1899 Costa de Marfil pas\u00f3 a formar parte de la federaci\u00f3n del \u00c1frica Occidental Francesa; los franceses recurrieron cada vez m\u00e1s al gobierno directo, lo que socav\u00f3 las normas tradicionales.<\/p>\n<p>En 1919 la parte norte de la colonia se independiz\u00f3 para formar parte de la nueva colonia de Alto Volta, la cual se disolvi\u00f3 en 1932, pero fue reconstituida en 1948. En 1944<strong> F\u00e9lix Houphou\u00ebt-Boigny<\/strong>, un jefe baul\u00e9, fund\u00f3 el Sindicato Agr\u00edcola Africano. Desde esta organizaci\u00f3n emergi\u00f3 el primer gran partido pol\u00edtico africano, el Reagrupamiento Democr\u00e1tico Africano y su secci\u00f3n constituyente, el Partido Democr\u00e1tico de Costa de Marfil, ambos liderados por Houphou\u00ebt-Boigny.<\/p>\n<p>Despu\u00e9s de las elecciones de 1959, Houphou\u00ebt-Boigny se convirti\u00f3 en primer ministro y fue elegido presidente de la Rep\u00fablica en noviembre de 1960, lo que precedi\u00f3 a la proclamaci\u00f3n de la plena independencia el 7 de agosto de ese a\u00f1o.<\/p>\n<p>Costa de Marfil, oficialmente la Rep\u00fablica de Costa de Marfil (en franc\u00e9s: R\u00e9publique de C\u00f4te d&#8217;Ivoire), tambi\u00e9n conocido por su nombre en franc\u00e9s C\u00f4te d&#8217;Ivoire, es un pa\u00eds ubicado en \u00c1frica occidental. Limita con Liberia y Guinea al oeste; Mal\u00ed y Burkina Faso al norte; Ghana al este, y con el golfo de Guinea al sur.<\/p>\n<hr \/>\n<p>&nbsp;Por AiSUR<\/p>\n","protected":false},"excerpt":{"rendered":"<p>Como parte de la expansi\u00f3n francesa en \u00c1frica occidental, la zona se convirti\u00f3 en la colonia aut\u00f3noma de Costa de Marfil en 1893. Se organiz\u00f3 una enconada resistencia entre los [&hellip;]<\/p>\n","protected":false},"author":5,"featured_media":18949,"template":"","meta":{"_acf_changed":false,"_EventAllDay":true,"_EventTimezone":"America\/Caracas","_EventStartDate":"2023-08-07 00:00:00","_EventEndDate":"2023-08-07 23:59:59","_EventStartDateUTC":"2023-08-07 04:00:00","_EventEndDateUTC":"2023-08-08 03:59:59","_EventShowMap":true,"_EventShowMapLink":true,"_EventURL":"","_EventCost":"","_EventCostDescription":"","_EventCurrencySymbol":"","_EventCurrencyCode":"","_EventCurrencyPosition":"","_EventDateTimeSeparator":"","_EventTimeRangeSeparator":"","_EventOrganizerID":[0],"_EventVenueID":[18948],"_OrganizerEmail":"","_OrganizerPhone":"","_OrganizerWebsite":"","_VenueAddress":"","_VenueCity":"","_VenueCountry":"","_VenueProvince":"","_VenueState":"","_VenueZip":"","_VenuePhone":"","_VenueURL":"","_VenueStateProvince":"","_VenueLat":"","_VenueLng":"","_VenueShowMap":false,"_VenueShowMapLink":false,"_tribe_events_status":"","_tribe_events_status_reason":"","footnotes":""},"tags":[],"tribe_events_cat":[4684],"class_list":["post-19357","tribe_events","type-tribe_events","status-publish","has-post-thumbnail","hentry","tribe_events_cat-efemerides","cat_efemerides"],"blocksy_meta":[],"acf":[],"_links":{"self":[{"href":"https:\/\/sabereswp.saberesafricanos.net\/index.php\/wp-json\/wp\/v2\/tribe_events\/19357","targetHints":{"allow":["GET"]}}],"collection":[{"href":"https:\/\/sabereswp.saberesafricanos.net\/index.php\/wp-json\/wp\/v2\/tribe_events"}],"about":[{"href":"https:\/\/sabereswp.saberesafricanos.net\/index.php\/wp-json\/wp\/v2\/types\/tribe_events"}],"author":[{"embeddable":true,"href":"https:\/\/sabereswp.saberesafricanos.net\/index.php\/wp-json\/wp\/v2\/users\/5"}],"version-history":[{"count":0,"href":"https:\/\/sabereswp.saberesafricanos.net\/index.php\/wp-json\/wp\/v2\/tribe_events\/19357\/revisions"}],"wp:featuredmedia":[{"embeddable":true,"href":"https:\/\/sabereswp.saberesafricanos.net\/index.php\/wp-json\/wp\/v2\/media\/18949"}],"wp:attachment":[{"href":"https:\/\/sabereswp.saberesafricanos.net\/index.php\/wp-json\/wp\/v2\/media?parent=19357"}],"wp:term":[{"taxonomy":"post_tag","embeddable":true,"href":"https:\/\/sabereswp.saberesafricanos.net\/index.php\/wp-json\/wp\/v2\/tags?post=19357"},{"taxonomy":"tribe_events_cat","embeddable":true,"href":"https:\/\/sabereswp.saberesafricanos.net\/index.php\/wp-json\/wp\/v2\/tribe_events_cat?post=19357"}],"curies":[{"name":"wp","href":"https:\/\/api.w.org\/{rel}","templated":true}]}}

<p><img loading="lazy" decoding="async" class=" size-full wp-image-18949" src="https://sabereswp.saberesafricanos.net/wp-content/uploads/2016/08/Costa_de_Marfil-ab4.png" alt="Costa de Marfil" width="500" height="333" style="border: 2px solid #ffffff; display: block; margin-left: auto; margin-right: auto;" /></p>
<p>Como parte de la expansión francesa en África occidental, la zona se convirtió en la colonia autónoma de Costa de Marfil en 1893. Se organizó una enconada resistencia entre los franceses, y fueron frecuentes las revueltas. En 1899 Costa de Marfil pasó a formar parte de la federación del África Occidental Francesa; los franceses recurrieron cada vez más al gobierno directo, lo que socavó las normas tradicionales.</p>
<p>En 1919 la parte norte de la colonia se independizó para formar parte de la nueva colonia de Alto Volta, la cual se disolvió en 1932, pero fue reconstituida en 1948. En 1944<strong> Félix Houphouët-Boigny</strong>, un jefe baulé, fundó el Sindicato Agrícola Africano. Desde esta organización emergió el primer gran partido político africano, el Reagrupamiento Democrático Africano y su sección constituyente, el Partido Democrático de Costa de Marfil, ambos liderados por Houphouët-Boigny.</p>
<p>Después de las elecciones de 1959, Houphouët-Boigny se convirtió en primer ministro y fue elegido presidente de la República en noviembre de 1960, lo que precedió a la proclamación de la plena independencia el 7 de agosto de ese año.</p>
<p>Costa de Marfil, oficialmente la República de Costa de Marfil (en francés: République de Côte d&#8217;Ivoire), también conocido por su nombre en francés Côte d&#8217;Ivoire, es un país ubicado en África occidental. Limita con Liberia y Guinea al oeste; Malí y Burkina Faso al norte; Ghana al este, y con el golfo de Guinea al sur.</p>
<hr />
<p>&nbsp;Por AiSUR</p>

<p>Como parte de la expansión francesa en África occidental, la zona se convirtió en la colonia autónoma de Costa de Marfil en 1893. Se organizó una enconada resistencia entre los [&hellip;]</p>
