{"id":19377,"date":"2016-08-23T16:37:41","date_gmt":"2016-08-23T20:37:41","guid":{"rendered":"https:\/\/sabereswp.saberesafricanos.net\/index.php\/evento\/26-de-agosto-de-1990-independencia-de-namibia-4\/"},"modified":"2016-08-23T16:37:41","modified_gmt":"2016-08-23T20:37:41","slug":"26-de-agosto-de-1990-independencia-de-namibia-4","status":"publish","type":"tribe_events","link":"https:\/\/sabereswp.saberesafricanos.net\/index.php\/evento\/26-de-agosto-de-1990-independencia-de-namibia-4\/","title":{"rendered":"26 de agosto de 1990: Independencia  de Namibia"},"content":{"rendered":"<p><img loading=\"lazy\" decoding=\"async\" class=\" size-full wp-image-19143\" style=\"border: 2px solid #ffffff; margin-left: auto; margin-bottom: 10px; display: block; margin-right: auto;\" src=\"https:\/\/sabereswp.saberesafricanos.net\/wp-content\/uploads\/2016\/08\/dia-de_namibia-dce.jpg\" alt=\"D\u00eda de Namibia\" width=\"284\" height=\"160\" \/><\/p>\n<p>&nbsp;<\/p>\n<p>Durante la Primera Guerra Mundial Sud\u00e1frica ocup\u00f3 Namibia y a continuaci\u00f3n asumi\u00f3 la administraci\u00f3n con el mandato de la Sociedad de Naciones hasta la Segunda Guerra Mundial, cuando el gobierno sudafricano decide por una anexi\u00f3n unilateral del territorio de Namibia a Sud\u00e1frica, no obstante el parecer contrario de la comunidad internacional.<\/p>\n<p>El 26 de agosto de 1966 la organizaci\u00f3n SWAPO (South-West African People&#8217;s Organization), de inspiraci\u00f3n marxista, inici\u00f3 una guerrilla independentista contra las fuerzas sudafricanas, conocida como la Guerra de la Independencia de Namibia. Sud\u00e1frica, cedi\u00f3 pero solo en 1988, aceptando un plan de paz de las Naciones Unidas que condujo a la independencia del pa\u00eds en el 1990. Walvis Bay se mantuvo bajo control de Sud\u00e1frica como enclave, para ser cedida a Namibia en 1994.<\/p>\n<p>El fundador de la Namibia independiente es Sam Nujoma, por siempre jefe de la SWAPO, quien gobern\u00f3 desde 1990 hasta 2005, para ser despu\u00e9s sustituido por Hifikepunye Pohamba.<\/p>\n<p><strong>&nbsp;<\/strong><\/p>\n","protected":false},"excerpt":{"rendered":"<p>&nbsp; Durante la Primera Guerra Mundial Sud\u00e1frica ocup\u00f3 Namibia y a continuaci\u00f3n asumi\u00f3 la administraci\u00f3n con el mandato de la Sociedad de Naciones hasta la Segunda Guerra Mundial, cuando el [&hellip;]<\/p>\n","protected":false},"author":3,"featured_media":19143,"template":"","meta":{"_acf_changed":false,"_EventAllDay":true,"_EventTimezone":"America\/Caracas","_EventStartDate":"2023-08-26 00:00:00","_EventEndDate":"2023-08-26 23:59:59","_EventStartDateUTC":"2023-08-26 04:00:00","_EventEndDateUTC":"2023-08-27 03:59:59","_EventShowMap":true,"_EventShowMapLink":true,"_EventURL":"","_EventCost":"","_EventCostDescription":"","_EventCurrencySymbol":"","_EventCurrencyCode":"","_EventCurrencyPosition":"","_EventDateTimeSeparator":"","_EventTimeRangeSeparator":"","_EventOrganizerID":[0],"_EventVenueID":[0],"_OrganizerEmail":"","_OrganizerPhone":"","_OrganizerWebsite":"","_VenueAddress":"","_VenueCity":"","_VenueCountry":"","_VenueProvince":"","_VenueState":"","_VenueZip":"","_VenuePhone":"","_VenueURL":"","_VenueStateProvince":"","_VenueLat":"","_VenueLng":"","_VenueShowMap":false,"_VenueShowMapLink":false,"_tribe_events_status":"","_tribe_events_status_reason":"","footnotes":""},"tags":[],"tribe_events_cat":[4684],"class_list":["post-19377","tribe_events","type-tribe_events","status-publish","has-post-thumbnail","hentry","tribe_events_cat-efemerides","cat_efemerides"],"blocksy_meta":[],"acf":[],"_links":{"self":[{"href":"https:\/\/sabereswp.saberesafricanos.net\/index.php\/wp-json\/wp\/v2\/tribe_events\/19377","targetHints":{"allow":["GET"]}}],"collection":[{"href":"https:\/\/sabereswp.saberesafricanos.net\/index.php\/wp-json\/wp\/v2\/tribe_events"}],"about":[{"href":"https:\/\/sabereswp.saberesafricanos.net\/index.php\/wp-json\/wp\/v2\/types\/tribe_events"}],"author":[{"embeddable":true,"href":"https:\/\/sabereswp.saberesafricanos.net\/index.php\/wp-json\/wp\/v2\/users\/3"}],"version-history":[{"count":0,"href":"https:\/\/sabereswp.saberesafricanos.net\/index.php\/wp-json\/wp\/v2\/tribe_events\/19377\/revisions"}],"wp:featuredmedia":[{"embeddable":true,"href":"https:\/\/sabereswp.saberesafricanos.net\/index.php\/wp-json\/wp\/v2\/media\/19143"}],"wp:attachment":[{"href":"https:\/\/sabereswp.saberesafricanos.net\/index.php\/wp-json\/wp\/v2\/media?parent=19377"}],"wp:term":[{"taxonomy":"post_tag","embeddable":true,"href":"https:\/\/sabereswp.saberesafricanos.net\/index.php\/wp-json\/wp\/v2\/tags?post=19377"},{"taxonomy":"tribe_events_cat","embeddable":true,"href":"https:\/\/sabereswp.saberesafricanos.net\/index.php\/wp-json\/wp\/v2\/tribe_events_cat?post=19377"}],"curies":[{"name":"wp","href":"https:\/\/api.w.org\/{rel}","templated":true}]}}

<p><img loading="lazy" decoding="async" class=" size-full wp-image-19143" style="border: 2px solid #ffffff; margin-left: auto; margin-bottom: 10px; display: block; margin-right: auto;" src="https://sabereswp.saberesafricanos.net/wp-content/uploads/2016/08/dia-de_namibia-dce.jpg" alt="Día de Namibia" width="284" height="160" /></p>
<p>&nbsp;</p>
<p>Durante la Primera Guerra Mundial Sudáfrica ocupó Namibia y a continuación asumió la administración con el mandato de la Sociedad de Naciones hasta la Segunda Guerra Mundial, cuando el gobierno sudafricano decide por una anexión unilateral del territorio de Namibia a Sudáfrica, no obstante el parecer contrario de la comunidad internacional.</p>
<p>El 26 de agosto de 1966 la organización SWAPO (South-West African People&#8217;s Organization), de inspiración marxista, inició una guerrilla independentista contra las fuerzas sudafricanas, conocida como la Guerra de la Independencia de Namibia. Sudáfrica, cedió pero solo en 1988, aceptando un plan de paz de las Naciones Unidas que condujo a la independencia del país en el 1990. Walvis Bay se mantuvo bajo control de Sudáfrica como enclave, para ser cedida a Namibia en 1994.</p>
<p>El fundador de la Namibia independiente es Sam Nujoma, por siempre jefe de la SWAPO, quien gobernó desde 1990 hasta 2005, para ser después sustituido por Hifikepunye Pohamba.</p>
<p><strong>&nbsp;</strong></p>

<p>&nbsp; Durante la Primera Guerra Mundial Sudáfrica ocupó Namibia y a continuación asumió la administración con el mandato de la Sociedad de Naciones hasta la Segunda Guerra Mundial, cuando el [&hellip;]</p>
