{"id":21357,"date":"2020-08-05T20:32:50","date_gmt":"2020-08-06T00:32:50","guid":{"rendered":"https:\/\/sabereswp.saberesafricanos.net\/index.php\/evento\/5-de-agosto-de-1960-independencia-de-burkina-faso-6\/"},"modified":"2020-08-05T20:32:50","modified_gmt":"2020-08-06T00:32:50","slug":"5-de-agosto-de-1960-independencia-de-burkina-faso-6","status":"publish","type":"tribe_events","link":"https:\/\/sabereswp.saberesafricanos.net\/index.php\/evento\/5-de-agosto-de-1960-independencia-de-burkina-faso-6\/","title":{"rendered":"5 de agosto de 1960: Independencia de Burkina Faso"},"content":{"rendered":"<p><img loading=\"lazy\" decoding=\"async\" class=\" size-full wp-image-21347\" src=\"https:\/\/sabereswp.saberesafricanos.net\/wp-content\/uploads\/2020\/08\/18-SANKARA-49a.jpg\" alt=\"Thomas Sankara\" width=\"300\" height=\"436\" style=\"border: 2px solid #ffffff; display: block; margin-left: auto; margin-right: auto;\" srcset=\"https:\/\/sabereswp.saberesafricanos.net\/wp-content\/uploads\/2020\/08\/18-SANKARA-49a.jpg 531w, https:\/\/sabereswp.saberesafricanos.net\/wp-content\/uploads\/2020\/08\/18-SANKARA-49a-207x300.jpg 207w\" sizes=\"auto, (max-width: 300px) 100vw, 300px\" \/><\/p>\n<p><strong>5 de agosto de 1960,&nbsp; independencia de Burkina Faso<\/strong><\/p>\n<p>La Comunidad Francesa, propuesta por refer\u00e9ndum el 28 de septiembre de 1958, es aprobada por el 99,5 % de los votantes, y el 75 % de los inscritos. El 11 de diciembre del mismo a\u00f1o se proclama la Rep\u00fablica Voltaica, que inmediatamente se adhiere a la Comunidad. En 1959, la Rep\u00fablica pasa a ser aut\u00f3noma, y ya en el mes de marzo de retira del proyecto de Federaci\u00f3n de Mal\u00ed que reun\u00eda Alto Volta, Sud\u00e1n franc\u00e9s, Dahomey y Senegal. La Asamblea territorial de 1957 pasa a ser Asamblea Constituyente y elabora una Constituci\u00f3n, adoptada por refer\u00e9ndum el 15 de marzo de 1958.<\/p>\n<p>En las elecciones legislativas del 19 de abril de 1959, el Reagrupamiento Democr\u00e1tico Africano (RDA) triunfa con una amplia ventaja del 70 % de los votos, y ocupa 65 de los 75 esca\u00f1os de la Asamblea (y luego 71 tras dimisiones: el PRA, muy minoritario, desaparece poso despu\u00e9s. El senador Kon\u00e9 Begnon es elegido presidente de la Asamblea, y Maurice Yam\u00e9ogo, que hab\u00eda sucedido a Ouezzin Coulibaly en la presidencia del gobierno, se convierte en Presidente del Consejo de Ministros. Tras un periodo de relativa inestabilidad, la autoridad del Estado se restablece poco a poco. Yam\u00e9ogo refuerza su autoridad al ser elegido cabeza del Reagrupamiento Democr\u00e1tico Africano el 30 de diciembre de 1959; el 4 de junio de 1960, Alto Volta pidi\u00f3 y obtuvo su independencia.<\/p>\n<p><strong>El pa\u00eds accede oficialmente a la independencia el 5 de agosto de 196<\/strong>0, y entra en las Naciones Unidas el 20 de septiembre. El primer presidente fue Maurice Yam\u00e9ogo.<\/p>\n<p><strong>De Alto Volta a Burkina Faso con Thomas Sankara<\/strong><\/p>\n<p>Sankara tom\u00f3 el poder en 1983, cuando contaba con 33 a\u00f1os, en virtud de un golpe de Estado apoyado por grandes capas de la poblaci\u00f3n. Su objetivo era eliminar la corrupci\u00f3n y el predominio de la expotencia colonial francesa.1\u200b6\u200b Inmediatamente lanz\u00f3 el programa de cambio social y econ\u00f3mico m\u00e1s ambicioso jam\u00e1s intentado en el continente africano.6\u200b Para simbolizar esta nueva autonom\u00eda y renacimiento, lleg\u00f3 a renombrar al pa\u00eds de Alto Volta a Burkina Faso \u2014\u00abel pa\u00eds de los hombres \u00edntegros\u00bb.&nbsp;<span style=\"caret-color: auto;\">Es visto como una figura carism\u00e1tica e ic\u00f3nica de la revoluci\u00f3n, por lo cual es conocido como el \u00abChe Guevara africano\u00bb.<\/span><\/p>\n<hr \/>\n<p>&nbsp;<\/p>\n<p>Foto: Retrato de Thomas Sankara. <a href=\"medios\/fotografia\/rostros-revolucionario.html\" class=\"jcepopup\" dir=\"ltr\" data-mediabox=\"1\">Colecci\u00f3n del Centro de Saberes Africanos, Americanos y Caribe\u00f1os<\/a>. Autor Jorge Cruz<br \/>Publicado por AiSUR<\/p>\n","protected":false},"excerpt":{"rendered":"<p>5 de agosto de 1960,&nbsp; independencia de Burkina Faso La Comunidad Francesa, propuesta por refer\u00e9ndum el 28 de septiembre de 1958, es aprobada por el 99,5 % de los votantes, [&hellip;]<\/p>\n","protected":false},"author":3,"featured_media":21347,"template":"","meta":{"_acf_changed":false,"_EventAllDay":true,"_EventTimezone":"America\/Caracas","_EventStartDate":"2023-08-05 00:00:00","_EventEndDate":"2023-08-05 23:00:00","_EventStartDateUTC":"2023-08-05 04:00:00","_EventEndDateUTC":"2023-08-06 03:00:00","_EventShowMap":true,"_EventShowMapLink":true,"_EventURL":"","_EventCost":"","_EventCostDescription":"","_EventCurrencySymbol":"","_EventCurrencyCode":"","_EventCurrencyPosition":"","_EventDateTimeSeparator":"","_EventTimeRangeSeparator":"","_EventOrganizerID":[0],"_EventVenueID":[0],"_OrganizerEmail":"","_OrganizerPhone":"","_OrganizerWebsite":"","_VenueAddress":"","_VenueCity":"","_VenueCountry":"","_VenueProvince":"","_VenueState":"","_VenueZip":"","_VenuePhone":"","_VenueURL":"","_VenueStateProvince":"","_VenueLat":"","_VenueLng":"","_VenueShowMap":false,"_VenueShowMapLink":false,"_tribe_events_status":"","_tribe_events_status_reason":"","footnotes":""},"tags":[],"tribe_events_cat":[4684],"class_list":["post-21357","tribe_events","type-tribe_events","status-publish","has-post-thumbnail","hentry","tribe_events_cat-efemerides","cat_efemerides"],"blocksy_meta":[],"acf":[],"_links":{"self":[{"href":"https:\/\/sabereswp.saberesafricanos.net\/index.php\/wp-json\/wp\/v2\/tribe_events\/21357","targetHints":{"allow":["GET"]}}],"collection":[{"href":"https:\/\/sabereswp.saberesafricanos.net\/index.php\/wp-json\/wp\/v2\/tribe_events"}],"about":[{"href":"https:\/\/sabereswp.saberesafricanos.net\/index.php\/wp-json\/wp\/v2\/types\/tribe_events"}],"author":[{"embeddable":true,"href":"https:\/\/sabereswp.saberesafricanos.net\/index.php\/wp-json\/wp\/v2\/users\/3"}],"version-history":[{"count":0,"href":"https:\/\/sabereswp.saberesafricanos.net\/index.php\/wp-json\/wp\/v2\/tribe_events\/21357\/revisions"}],"wp:featuredmedia":[{"embeddable":true,"href":"https:\/\/sabereswp.saberesafricanos.net\/index.php\/wp-json\/wp\/v2\/media\/21347"}],"wp:attachment":[{"href":"https:\/\/sabereswp.saberesafricanos.net\/index.php\/wp-json\/wp\/v2\/media?parent=21357"}],"wp:term":[{"taxonomy":"post_tag","embeddable":true,"href":"https:\/\/sabereswp.saberesafricanos.net\/index.php\/wp-json\/wp\/v2\/tags?post=21357"},{"taxonomy":"tribe_events_cat","embeddable":true,"href":"https:\/\/sabereswp.saberesafricanos.net\/index.php\/wp-json\/wp\/v2\/tribe_events_cat?post=21357"}],"curies":[{"name":"wp","href":"https:\/\/api.w.org\/{rel}","templated":true}]}}

<p><img loading="lazy" decoding="async" class=" size-full wp-image-21347" src="https://sabereswp.saberesafricanos.net/wp-content/uploads/2020/08/18-SANKARA-49a.jpg" alt="Thomas Sankara" width="300" height="436" style="border: 2px solid #ffffff; display: block; margin-left: auto; margin-right: auto;" srcset="https://sabereswp.saberesafricanos.net/wp-content/uploads/2020/08/18-SANKARA-49a.jpg 531w, https://sabereswp.saberesafricanos.net/wp-content/uploads/2020/08/18-SANKARA-49a-207x300.jpg 207w" sizes="auto, (max-width: 300px) 100vw, 300px" /></p>
<p><strong>5 de agosto de 1960,&nbsp; independencia de Burkina Faso</strong></p>
<p>La Comunidad Francesa, propuesta por referéndum el 28 de septiembre de 1958, es aprobada por el 99,5 % de los votantes, y el 75 % de los inscritos. El 11 de diciembre del mismo año se proclama la República Voltaica, que inmediatamente se adhiere a la Comunidad. En 1959, la República pasa a ser autónoma, y ya en el mes de marzo de retira del proyecto de Federación de Malí que reunía Alto Volta, Sudán francés, Dahomey y Senegal. La Asamblea territorial de 1957 pasa a ser Asamblea Constituyente y elabora una Constitución, adoptada por referéndum el 15 de marzo de 1958.</p>
<p>En las elecciones legislativas del 19 de abril de 1959, el Reagrupamiento Democrático Africano (RDA) triunfa con una amplia ventaja del 70 % de los votos, y ocupa 65 de los 75 escaños de la Asamblea (y luego 71 tras dimisiones: el PRA, muy minoritario, desaparece poso después. El senador Koné Begnon es elegido presidente de la Asamblea, y Maurice Yaméogo, que había sucedido a Ouezzin Coulibaly en la presidencia del gobierno, se convierte en Presidente del Consejo de Ministros. Tras un periodo de relativa inestabilidad, la autoridad del Estado se restablece poco a poco. Yaméogo refuerza su autoridad al ser elegido cabeza del Reagrupamiento Democrático Africano el 30 de diciembre de 1959; el 4 de junio de 1960, Alto Volta pidió y obtuvo su independencia.</p>
<p><strong>El país accede oficialmente a la independencia el 5 de agosto de 196</strong>0, y entra en las Naciones Unidas el 20 de septiembre. El primer presidente fue Maurice Yaméogo.</p>
<p><strong>De Alto Volta a Burkina Faso con Thomas Sankara</strong></p>
<p>Sankara tomó el poder en 1983, cuando contaba con 33 años, en virtud de un golpe de Estado apoyado por grandes capas de la población. Su objetivo era eliminar la corrupción y el predominio de la expotencia colonial francesa.1​6​ Inmediatamente lanzó el programa de cambio social y económico más ambicioso jamás intentado en el continente africano.6​ Para simbolizar esta nueva autonomía y renacimiento, llegó a renombrar al país de Alto Volta a Burkina Faso —«el país de los hombres íntegros».&nbsp;<span style="caret-color: auto;">Es visto como una figura carismática e icónica de la revolución, por lo cual es conocido como el «Che Guevara africano».</span></p>
<hr />
<p>&nbsp;</p>
<p>Foto: Retrato de Thomas Sankara. <a href="medios/fotografia/rostros-revolucionario.html" class="jcepopup" dir="ltr" data-mediabox="1">Colección del Centro de Saberes Africanos, Americanos y Caribeños</a>. Autor Jorge Cruz<br />Publicado por AiSUR</p>

<p>5 de agosto de 1960,&nbsp; independencia de Burkina Faso La Comunidad Francesa, propuesta por referéndum el 28 de septiembre de 1958, es aprobada por el 99,5 % de los votantes, [&hellip;]</p>
