{"id":21395,"date":"2020-08-06T09:52:51","date_gmt":"2020-08-06T13:52:51","guid":{"rendered":"https:\/\/sabereswp.saberesafricanos.net\/index.php\/evento\/6-de-agosto-de-1825-independencia-de-bolivia-5\/"},"modified":"2020-08-06T09:52:51","modified_gmt":"2020-08-06T13:52:51","slug":"6-de-agosto-de-1825-independencia-de-bolivia-5","status":"publish","type":"tribe_events","link":"https:\/\/sabereswp.saberesafricanos.net\/index.php\/evento\/6-de-agosto-de-1825-independencia-de-bolivia-5\/","title":{"rendered":"6 de agosto de 1825: Independencia de Bolivia"},"content":{"rendered":"<p><img loading=\"lazy\" decoding=\"async\" class=\" size-full wp-image-20910\" src=\"https:\/\/sabereswp.saberesafricanos.net\/wp-content\/uploads\/2020\/07\/Simon_Bolivar-506.jpg\" alt=\"Sim\u00f3n Bolivar, fundador de Bolivia\" width=\"500\" height=\"682\" style=\"border: 2px solid #ffffff; display: block; margin-left: auto; margin-right: auto;\" \/><\/p>\n<p><strong>6 de agosto de 1825: Independencia de Bolivia<\/strong><\/p>\n<p>El 6 de agosto de 1824, <strong>Sim\u00f3n Bol\u00edvar<\/strong> derrot\u00f3 al ej\u00e9rcito espa\u00f1ol en la Batalla de Jun\u00edn. La fecha de esta batalla fue homenajeada con la elegida para fundar Bolivia. Esa victoria, dirigida por el propio Libertador,&nbsp; fue el paso previo para el triunfo final en la batalla de Ayacucho. <strong>Antonio Jos\u00e9 Sucre<\/strong>, por ordenes&nbsp; de Sim\u00f3n Bol\u00edvar, quien debi\u00f3 regresar a Bogota requerido por el Congreso Nacional de Colombia, la campa\u00f1a militar en el Per\u00fa, y el 9 de diciembre de 1824,triunfa en Ayacucho.<\/p>\n<p>El 29 de enero de 1825, el general Jos\u00e9 Miguel Lanza proveniente de las zonas rurales cercanas (republiquetas), tom\u00f3 la ciudad de La Paz y declar\u00f3 la independencia de las Provincias del Alto Per\u00fa, siendo nombrado su primer presidente. El 6 de febrero el general Sucre a la cabeza del Ej\u00e9rcito Libertador cruz\u00f3 el r\u00edo Desaguadero.<\/p>\n<p>Sucre avanza sobre el Alto Per\u00fa con el ej\u00e9rcito libertador. La divisi\u00f3n de Colombia (C\u00f3rdova) queda acantonada en La Paz mientras que la divisi\u00f3n del Per\u00fa se interna hasta Oruro y Potos\u00ed.&nbsp;<\/p>\n<p>El 29 de enero de 1825, el general Jos\u00e9 Miguel Lanza proveniente de las zonas rurales cercanas (republiquetas), tom\u00f3 la ciudad de La Paz y declar\u00f3 la independencia de las Provincias del Alto Per\u00fa, siendo nombrado su primer presidente. El 6 de febrero el mariscal Sucre a la cabeza del Ej\u00e9rcito Libertador cruz\u00f3 el r\u00edo Desaguadero.<\/p>\n<p>El <strong>16 de mayo de 1825<\/strong>, el Libertador Sim\u00f3n Bol\u00edvar expidi\u00f3 el Decreto de creaci\u00f3n de la actual Rep\u00fablica de Bolivia. El 06 de Agosto de 1825 se declara oficialmente la independencia.<\/p>\n<p>Luego de la proclamaci\u00f3n de la Independencia del Imperio Espa\u00f1ol, la Asamblea Deliberante aprobar\u00eda el 11 de agosto de 1825 la Ley de Premios y Honores a los Libertadores. El primer art\u00edculo de esta ley indicaba que el nuevo Estado recibir\u00eda el nombre de Rep\u00fablica de Bol\u00edvar.&nbsp;<span style=\"caret-color: auto;\">El Libertador, al aceptar el honor de que el nuevo pa\u00eds llevara su nombre, y tras ser designado primer Presidente por la Asamblea Deliberante, bautiz\u00f3 a Bolivia como su Hija Predilecta.&nbsp;<\/span><\/p>\n<p>Sin embargo, meses m\u00e1s tarde, el nombre fue modificado, al aceptarse el argumento propuesto por el diputado de Potos\u00ed, Presb\u00edtero Manuel Mart\u00edn Cruz, quien propuso adoptar una derivaci\u00f3n en la denominaci\u00f3n, argumentando lo siguiente: \u00abSi de R\u00f3mulo, Roma; de Bol\u00edvar, Bolivia\u00bb. En consecuencia, la nueva Rep\u00fablica adopt\u00f3 oficialmente el nombre de Bolivia el 3 de octubre de 1825.<\/p>\n<p>\u00ab\u00bfQu\u00e9 quiere decir Bolivia? Un amor desenfrenado de libertad, que al recibirla vuestro arrobo, no vio nada que fuera igual a su valor\u00bb, dijo el Libertador ante el Congreso.<\/p>\n<hr \/>\n<p>&nbsp;Publicado por AiSUR<\/p>\n","protected":false},"excerpt":{"rendered":"<p>6 de agosto de 1825: Independencia de Bolivia El 6 de agosto de 1824, Sim\u00f3n Bol\u00edvar derrot\u00f3 al ej\u00e9rcito espa\u00f1ol en la Batalla de Jun\u00edn. La fecha de esta batalla [&hellip;]<\/p>\n","protected":false},"author":3,"featured_media":20910,"template":"","meta":{"_acf_changed":false,"_EventAllDay":false,"_EventTimezone":"America\/Caracas","_EventStartDate":"2023-08-06 08:00:00","_EventEndDate":"2023-08-06 23:59:59","_EventStartDateUTC":"2023-08-06 12:00:00","_EventEndDateUTC":"2023-08-07 03:59:59","_EventShowMap":true,"_EventShowMapLink":true,"_EventURL":"","_EventCost":"","_EventCostDescription":"","_EventCurrencySymbol":"","_EventCurrencyCode":"","_EventCurrencyPosition":"","_EventDateTimeSeparator":"","_EventTimeRangeSeparator":"","_EventOrganizerID":[0],"_EventVenueID":[19086],"_OrganizerEmail":"","_OrganizerPhone":"","_OrganizerWebsite":"","_VenueAddress":"","_VenueCity":"","_VenueCountry":"","_VenueProvince":"","_VenueState":"","_VenueZip":"","_VenuePhone":"","_VenueURL":"","_VenueStateProvince":"","_VenueLat":"","_VenueLng":"","_VenueShowMap":false,"_VenueShowMapLink":false,"_tribe_events_status":"","_tribe_events_status_reason":"","footnotes":""},"tags":[],"tribe_events_cat":[4684],"class_list":["post-21395","tribe_events","type-tribe_events","status-publish","has-post-thumbnail","hentry","tribe_events_cat-efemerides","cat_efemerides"],"blocksy_meta":[],"acf":[],"_links":{"self":[{"href":"https:\/\/sabereswp.saberesafricanos.net\/index.php\/wp-json\/wp\/v2\/tribe_events\/21395","targetHints":{"allow":["GET"]}}],"collection":[{"href":"https:\/\/sabereswp.saberesafricanos.net\/index.php\/wp-json\/wp\/v2\/tribe_events"}],"about":[{"href":"https:\/\/sabereswp.saberesafricanos.net\/index.php\/wp-json\/wp\/v2\/types\/tribe_events"}],"author":[{"embeddable":true,"href":"https:\/\/sabereswp.saberesafricanos.net\/index.php\/wp-json\/wp\/v2\/users\/3"}],"version-history":[{"count":0,"href":"https:\/\/sabereswp.saberesafricanos.net\/index.php\/wp-json\/wp\/v2\/tribe_events\/21395\/revisions"}],"wp:featuredmedia":[{"embeddable":true,"href":"https:\/\/sabereswp.saberesafricanos.net\/index.php\/wp-json\/wp\/v2\/media\/20910"}],"wp:attachment":[{"href":"https:\/\/sabereswp.saberesafricanos.net\/index.php\/wp-json\/wp\/v2\/media?parent=21395"}],"wp:term":[{"taxonomy":"post_tag","embeddable":true,"href":"https:\/\/sabereswp.saberesafricanos.net\/index.php\/wp-json\/wp\/v2\/tags?post=21395"},{"taxonomy":"tribe_events_cat","embeddable":true,"href":"https:\/\/sabereswp.saberesafricanos.net\/index.php\/wp-json\/wp\/v2\/tribe_events_cat?post=21395"}],"curies":[{"name":"wp","href":"https:\/\/api.w.org\/{rel}","templated":true}]}}

<p><img loading="lazy" decoding="async" class=" size-full wp-image-20910" src="https://sabereswp.saberesafricanos.net/wp-content/uploads/2020/07/Simon_Bolivar-506.jpg" alt="Simón Bolivar, fundador de Bolivia" width="500" height="682" style="border: 2px solid #ffffff; display: block; margin-left: auto; margin-right: auto;" /></p>
<p><strong>6 de agosto de 1825: Independencia de Bolivia</strong></p>
<p>El 6 de agosto de 1824, <strong>Simón Bolívar</strong> derrotó al ejército español en la Batalla de Junín. La fecha de esta batalla fue homenajeada con la elegida para fundar Bolivia. Esa victoria, dirigida por el propio Libertador,&nbsp; fue el paso previo para el triunfo final en la batalla de Ayacucho. <strong>Antonio José Sucre</strong>, por ordenes&nbsp; de Simón Bolívar, quien debió regresar a Bogota requerido por el Congreso Nacional de Colombia, la campaña militar en el Perú, y el 9 de diciembre de 1824,triunfa en Ayacucho.</p>
<p>El 29 de enero de 1825, el general José Miguel Lanza proveniente de las zonas rurales cercanas (republiquetas), tomó la ciudad de La Paz y declaró la independencia de las Provincias del Alto Perú, siendo nombrado su primer presidente. El 6 de febrero el general Sucre a la cabeza del Ejército Libertador cruzó el río Desaguadero.</p>
<p>Sucre avanza sobre el Alto Perú con el ejército libertador. La división de Colombia (Córdova) queda acantonada en La Paz mientras que la división del Perú se interna hasta Oruro y Potosí.&nbsp;</p>
<p>El 29 de enero de 1825, el general José Miguel Lanza proveniente de las zonas rurales cercanas (republiquetas), tomó la ciudad de La Paz y declaró la independencia de las Provincias del Alto Perú, siendo nombrado su primer presidente. El 6 de febrero el mariscal Sucre a la cabeza del Ejército Libertador cruzó el río Desaguadero.</p>
<p>El <strong>16 de mayo de 1825</strong>, el Libertador Simón Bolívar expidió el Decreto de creación de la actual República de Bolivia. El 06 de Agosto de 1825 se declara oficialmente la independencia.</p>
<p>Luego de la proclamación de la Independencia del Imperio Español, la Asamblea Deliberante aprobaría el 11 de agosto de 1825 la Ley de Premios y Honores a los Libertadores. El primer artículo de esta ley indicaba que el nuevo Estado recibiría el nombre de República de Bolívar.&nbsp;<span style="caret-color: auto;">El Libertador, al aceptar el honor de que el nuevo país llevara su nombre, y tras ser designado primer Presidente por la Asamblea Deliberante, bautizó a Bolivia como su Hija Predilecta.&nbsp;</span></p>
<p>Sin embargo, meses más tarde, el nombre fue modificado, al aceptarse el argumento propuesto por el diputado de Potosí, Presbítero Manuel Martín Cruz, quien propuso adoptar una derivación en la denominación, argumentando lo siguiente: «Si de Rómulo, Roma; de Bolívar, Bolivia». En consecuencia, la nueva República adoptó oficialmente el nombre de Bolivia el 3 de octubre de 1825.</p>
<p>«¿Qué quiere decir Bolivia? Un amor desenfrenado de libertad, que al recibirla vuestro arrobo, no vio nada que fuera igual a su valor», dijo el Libertador ante el Congreso.</p>
<hr />
<p>&nbsp;Publicado por AiSUR</p>

<p>6 de agosto de 1825: Independencia de Bolivia El 6 de agosto de 1824, Simón Bolívar derrotó al ejército español en la Batalla de Junín. La fecha de esta batalla [&hellip;]</p>
