{"id":21414,"date":"2020-08-07T11:09:12","date_gmt":"2020-08-07T15:09:12","guid":{"rendered":"https:\/\/sabereswp.saberesafricanos.net\/index.php\/evento\/7-de-agosto-de-1819-bolivar-logra-la-independencia-de-nueva-granada-colombia-6\/"},"modified":"2020-08-07T11:09:12","modified_gmt":"2020-08-07T15:09:12","slug":"7-de-agosto-de-1819-bolivar-logra-la-independencia-de-nueva-granada-colombia-6","status":"publish","type":"tribe_events","link":"https:\/\/sabereswp.saberesafricanos.net\/index.php\/evento\/7-de-agosto-de-1819-bolivar-logra-la-independencia-de-nueva-granada-colombia-6\/","title":{"rendered":"7 de agosto de 1819, Bolivar logra la Independencia de Nueva Granada (Colombia)"},"content":{"rendered":"<p>&nbsp;<\/p>\n<p><img loading=\"lazy\" decoding=\"async\" class=\" size-full wp-image-11324\" src=\"https:\/\/sabereswp.saberesafricanos.net\/wp-content\/uploads\/2020\/08\/Batalla_de_Boyaca_comandada_por_Simon_Bolivar-5ad.jpg\" alt=\"Batalla de Boyaca comandada por Sim\u00f3n Bol\u00edvar\" style=\"border: 2px solid #ffffff; display: block; margin-left: auto; margin-right: auto;\" width=\"857\" height=\"600\" srcset=\"https:\/\/sabereswp.saberesafricanos.net\/wp-content\/uploads\/2020\/08\/Batalla_de_Boyaca_comandada_por_Simon_Bolivar-5ad.jpg 857w, https:\/\/sabereswp.saberesafricanos.net\/wp-content\/uploads\/2020\/08\/Batalla_de_Boyaca_comandada_por_Simon_Bolivar-5ad-300x210.jpg 300w, https:\/\/sabereswp.saberesafricanos.net\/wp-content\/uploads\/2020\/08\/Batalla_de_Boyaca_comandada_por_Simon_Bolivar-5ad-768x538.jpg 768w\" sizes=\"auto, (max-width: 857px) 100vw, 857px\" \/>El 7 de agosto de 1819, se produjo en el paso del r\u00edo Teatinos, en Tunja, capital de Boyac\u00e1, la batalla b\u00e9lica que garantiz\u00f3 el \u00e9xito de la Campa\u00f1a Libertadora de Nueva Granada, iniciada desde Venezuela, donde Sim\u00f3n Bol\u00edvar llama a liberar a Colombia del imperio de la monarqu\u00eda de Espa\u00f1a.<\/p>\n<p>El inicio de la batalla fue a las 2:00 de la tarde, abriendo el enfrentamiento, el capit\u00e1n Andr\u00e9s Ibarra, lanz\u00e1ndose sobre la vanguardia realista; este Capit\u00e1n era hermano del patriota general Diego Ibarra.<\/p>\n<p>Asimismo, el general Santander se lanz\u00f3 sobre la vanguardia realista, haci\u00e9ndola retroceder hacia el puente y logrando separarla del ej\u00e9rcito. Luego lleg\u00f3 el grueso de la divisi\u00f3n de Barreiro, que se enfrent\u00f3 a la retaguardia armada de Bol\u00edvar.<\/p>\n<p>El combate hab\u00eda quedado dividido en dos frentes: Las vanguardias en los alrededores del puente, mientras que el grueso de los ej\u00e9rcitos en la llanura del camino de Samac\u00e1.<\/p>\n<p>A las 4:00 de la tarde, el ej\u00e9rcito realista hab\u00eda quedado dividido y rodeado sin posibilidad de reunirse y tomar alguna iniciativa, por lo que decidieron rendirse y entregar las armas.<\/p>\n<p>Cuando fue hecho como prisionero, Barreiro intent\u00f3 sobornar a Pedro Pascacio Mart\u00ednez, un soldado de quince a\u00f1os que se neg\u00f3 y lo entreg\u00f3 a Sim\u00f3n Bol\u00edvar.<\/p>\n<p>Por el bando realista participaron de 2.670 soldados venezolanos y neogranadinos. El bando patriota lo formaban 2.850 soldados tambi\u00e9n venezolanos, neogranadinos y brit\u00e1nicos.<\/p>\n<p>.Las tropas libertadoras derrotaron al ej\u00e9rcito realista, siendo las bajas por el bando realista de 100 muertos, 150 heridos y 1.600 prisioneros, y por el lado independentista 13 muertos y 53 heridos.<\/p>\n<p>La Batalla de Boyac\u00e1 finaliz\u00f3 la campa\u00f1a de Sim\u00f3n Bol\u00edvar para derrocar el virreinato de la Nueva Granada. Su victoria hizo huir al virrey Juan de S\u00e1mano hacia Cartagena de Indias y posteriormente a Jamaica y Panam\u00e1 en donde dimiti\u00f3.<\/p>\n<p>El Libertador entr\u00f3 sin resistencia a Bogot\u00e1 el 10 de agosto de 1819. La Campa\u00f1a Libertadora consigui\u00f3 una victoria contundente en la Batalla del Puente de Boyac\u00e1, evento que determin\u00f3 la independencia colombiana.<\/p>\n<hr \/>\n<p>&nbsp;Publicado por AiSUR<\/p>\n","protected":false},"excerpt":{"rendered":"<p>&nbsp; El 7 de agosto de 1819, se produjo en el paso del r\u00edo Teatinos, en Tunja, capital de Boyac\u00e1, la batalla b\u00e9lica que garantiz\u00f3 el \u00e9xito de la Campa\u00f1a [&hellip;]<\/p>\n","protected":false},"author":3,"featured_media":11324,"template":"","meta":{"_acf_changed":false,"_EventAllDay":true,"_EventTimezone":"America\/Caracas","_EventStartDate":"2023-08-07 00:00:00","_EventEndDate":"2023-08-07 23:59:59","_EventStartDateUTC":"2023-08-07 04:00:00","_EventEndDateUTC":"2023-08-08 03:59:59","_EventShowMap":true,"_EventShowMapLink":true,"_EventURL":"","_EventCost":"","_EventCostDescription":"","_EventCurrencySymbol":"","_EventCurrencyCode":"","_EventCurrencyPosition":"","_EventDateTimeSeparator":"","_EventTimeRangeSeparator":"","_EventOrganizerID":[0],"_EventVenueID":[19086],"_OrganizerEmail":"","_OrganizerPhone":"","_OrganizerWebsite":"","_VenueAddress":"","_VenueCity":"","_VenueCountry":"","_VenueProvince":"","_VenueState":"","_VenueZip":"","_VenuePhone":"","_VenueURL":"","_VenueStateProvince":"","_VenueLat":"","_VenueLng":"","_VenueShowMap":false,"_VenueShowMapLink":false,"_tribe_events_status":"","_tribe_events_status_reason":"","footnotes":""},"tags":[],"tribe_events_cat":[4684],"class_list":["post-21414","tribe_events","type-tribe_events","status-publish","has-post-thumbnail","hentry","tribe_events_cat-efemerides","cat_efemerides"],"blocksy_meta":[],"acf":[],"_links":{"self":[{"href":"https:\/\/sabereswp.saberesafricanos.net\/index.php\/wp-json\/wp\/v2\/tribe_events\/21414","targetHints":{"allow":["GET"]}}],"collection":[{"href":"https:\/\/sabereswp.saberesafricanos.net\/index.php\/wp-json\/wp\/v2\/tribe_events"}],"about":[{"href":"https:\/\/sabereswp.saberesafricanos.net\/index.php\/wp-json\/wp\/v2\/types\/tribe_events"}],"author":[{"embeddable":true,"href":"https:\/\/sabereswp.saberesafricanos.net\/index.php\/wp-json\/wp\/v2\/users\/3"}],"version-history":[{"count":0,"href":"https:\/\/sabereswp.saberesafricanos.net\/index.php\/wp-json\/wp\/v2\/tribe_events\/21414\/revisions"}],"wp:featuredmedia":[{"embeddable":true,"href":"https:\/\/sabereswp.saberesafricanos.net\/index.php\/wp-json\/wp\/v2\/media\/11324"}],"wp:attachment":[{"href":"https:\/\/sabereswp.saberesafricanos.net\/index.php\/wp-json\/wp\/v2\/media?parent=21414"}],"wp:term":[{"taxonomy":"post_tag","embeddable":true,"href":"https:\/\/sabereswp.saberesafricanos.net\/index.php\/wp-json\/wp\/v2\/tags?post=21414"},{"taxonomy":"tribe_events_cat","embeddable":true,"href":"https:\/\/sabereswp.saberesafricanos.net\/index.php\/wp-json\/wp\/v2\/tribe_events_cat?post=21414"}],"curies":[{"name":"wp","href":"https:\/\/api.w.org\/{rel}","templated":true}]}}

<p>&nbsp;</p>
<p><img loading="lazy" decoding="async" class=" size-full wp-image-11324" src="https://sabereswp.saberesafricanos.net/wp-content/uploads/2020/08/Batalla_de_Boyaca_comandada_por_Simon_Bolivar-5ad.jpg" alt="Batalla de Boyaca comandada por Simón Bolívar" style="border: 2px solid #ffffff; display: block; margin-left: auto; margin-right: auto;" width="857" height="600" srcset="https://sabereswp.saberesafricanos.net/wp-content/uploads/2020/08/Batalla_de_Boyaca_comandada_por_Simon_Bolivar-5ad.jpg 857w, https://sabereswp.saberesafricanos.net/wp-content/uploads/2020/08/Batalla_de_Boyaca_comandada_por_Simon_Bolivar-5ad-300x210.jpg 300w, https://sabereswp.saberesafricanos.net/wp-content/uploads/2020/08/Batalla_de_Boyaca_comandada_por_Simon_Bolivar-5ad-768x538.jpg 768w" sizes="auto, (max-width: 857px) 100vw, 857px" />El 7 de agosto de 1819, se produjo en el paso del río Teatinos, en Tunja, capital de Boyacá, la batalla bélica que garantizó el éxito de la Campaña Libertadora de Nueva Granada, iniciada desde Venezuela, donde Simón Bolívar llama a liberar a Colombia del imperio de la monarquía de España.</p>
<p>El inicio de la batalla fue a las 2:00 de la tarde, abriendo el enfrentamiento, el capitán Andrés Ibarra, lanzándose sobre la vanguardia realista; este Capitán era hermano del patriota general Diego Ibarra.</p>
<p>Asimismo, el general Santander se lanzó sobre la vanguardia realista, haciéndola retroceder hacia el puente y logrando separarla del ejército. Luego llegó el grueso de la división de Barreiro, que se enfrentó a la retaguardia armada de Bolívar.</p>
<p>El combate había quedado dividido en dos frentes: Las vanguardias en los alrededores del puente, mientras que el grueso de los ejércitos en la llanura del camino de Samacá.</p>
<p>A las 4:00 de la tarde, el ejército realista había quedado dividido y rodeado sin posibilidad de reunirse y tomar alguna iniciativa, por lo que decidieron rendirse y entregar las armas.</p>
<p>Cuando fue hecho como prisionero, Barreiro intentó sobornar a Pedro Pascacio Martínez, un soldado de quince años que se negó y lo entregó a Simón Bolívar.</p>
<p>Por el bando realista participaron de 2.670 soldados venezolanos y neogranadinos. El bando patriota lo formaban 2.850 soldados también venezolanos, neogranadinos y británicos.</p>
<p>.Las tropas libertadoras derrotaron al ejército realista, siendo las bajas por el bando realista de 100 muertos, 150 heridos y 1.600 prisioneros, y por el lado independentista 13 muertos y 53 heridos.</p>
<p>La Batalla de Boyacá finalizó la campaña de Simón Bolívar para derrocar el virreinato de la Nueva Granada. Su victoria hizo huir al virrey Juan de Sámano hacia Cartagena de Indias y posteriormente a Jamaica y Panamá en donde dimitió.</p>
<p>El Libertador entró sin resistencia a Bogotá el 10 de agosto de 1819. La Campaña Libertadora consiguió una victoria contundente en la Batalla del Puente de Boyacá, evento que determinó la independencia colombiana.</p>
<hr />
<p>&nbsp;Publicado por AiSUR</p>

<p>&nbsp; El 7 de agosto de 1819, se produjo en el paso del río Teatinos, en Tunja, capital de Boyacá, la batalla bélica que garantizó el éxito de la Campaña [&hellip;]</p>
