{"id":21434,"date":"2020-08-08T22:31:07","date_gmt":"2020-08-09T02:31:07","guid":{"rendered":"https:\/\/sabereswp.saberesafricanos.net\/index.php\/evento\/8-de-agosto-de-1879-nace-emiliano-zapata-revolucionario-mexicano-6\/"},"modified":"2020-08-08T22:31:07","modified_gmt":"2020-08-09T02:31:07","slug":"8-de-agosto-de-1879-nace-emiliano-zapata-revolucionario-mexicano-6","status":"publish","type":"tribe_events","link":"https:\/\/sabereswp.saberesafricanos.net\/index.php\/evento\/8-de-agosto-de-1879-nace-emiliano-zapata-revolucionario-mexicano-6\/","title":{"rendered":"8 de agosto de 1879: Nace Emiliano Zapata, revolucionario mexicano"},"content":{"rendered":"<p><img loading=\"lazy\" decoding=\"async\" class=\" size-full wp-image-21424\" src=\"https:\/\/sabereswp.saberesafricanos.net\/wp-content\/uploads\/2020\/08\/Zapata-53b.jpg\" alt=\"Zapata\" width=\"400\" height=\"501\" style=\"border: 2px solid #ffffff; display: block; margin-left: auto; margin-right: auto;\" srcset=\"https:\/\/sabereswp.saberesafricanos.net\/wp-content\/uploads\/2020\/08\/Zapata-53b.jpg 245w, https:\/\/sabereswp.saberesafricanos.net\/wp-content\/uploads\/2020\/08\/Zapata-53b-239x300.jpg 239w\" sizes=\"auto, (max-width: 400px) 100vw, 400px\" \/><\/p>\n<p><strong>8 de agosto de 1879: Nace Emiliano Zapata, revolucionario mexicano<\/strong><\/p>\n<p>Emiliano Zapata<\/p>\n<p>(San Miguel Anenecuilco, M\u00e9xico, 1879 &#8211; Morelos, 1919) Revolucionario mexicano. Qued\u00f3 hu\u00e9rfano hacia los trece a\u00f1os, y tanto \u00e9l como su hermano mayor Eufemio heredaron un poco de tierra y unas cuantas cabezas de ganado, legado con el que deb\u00edan mantenerse y mantener a sus dos hermanas, Mar\u00eda de Jes\u00fas y Mar\u00eda de la Luz.<\/p>\n<p>Una de las causas de Revoluci\u00f3n mexicana fue la nefasta pol\u00edtica agraria desarrollada por el r\u00e9gimen de Pofirio D\u00edaz, cuya dilatada dictadura da nombre a todo un periodo de la historia contempor\u00e1nea de M\u00e9xico: el Porfiriato (1876-1911). Se estima que en 1910, a\u00f1o del estallido la Revoluci\u00f3n, m\u00e1s del noventa por ciento de los campesinos carec\u00edan de tierras, y que alrededor de un millar de latifundistas daba empleo a tres millones de braceros.<\/p>\n<p>La Revoluci\u00f3n mexicana<\/p>\n<p>La pol\u00edtica agraria y las abismales desigualdades sociales que trajo consigo el Porfiriato figuran entre las causas profundas de la Revoluci\u00f3n mexicana, pero su detonante inmediato fue la decisi\u00f3n de Porfirio D\u00edaz de presentarse a las elecciones de 1910.&nbsp;<\/p>\n<p>El Plan de Ayala<\/p>\n<p>Tras la ca\u00edda de la dictadura de Porfirio D\u00edaz, y ya durante la presidencia interina de Le\u00f3n de la Barra, surgieron prontamente las discrepancias entre Zapata, quien reclamaba el inmediato reparto de las tierras de las haciendas entre los campesinos, y Francisco Madero, que por su parte exig\u00eda el desarme de las guerrillas. Finalmente, Zapata acept\u00f3 el licenciamiento y desarme de sus tropas, con la esperanza de que la elecci\u00f3n de Madero como presidente abriera las puertas a la reforma.<\/p>\n<p>Atrapado entre los revolucionarios agraristas y los porfiristas reaccionarios, e incapaz de satisfacer a nadie, el presidente leg\u00edtimo dif\u00edcilmente pod\u00eda sostenerse durante mucho tiempo. Madero cay\u00f3 v\u00edctima de la traici\u00f3n de un antiguo militar porfirista, Victoriano Huerta, general de su confianza prestigiado por su victoria sobre Pascual Orozco. En febrero de 1913, con el apoyo de Estados Unidos, Huerta derroc\u00f3 a Madero (al que mand\u00f3 ejecutar) e instaur\u00f3 una f\u00e9rrea dictadura contrarrevolucionaria (1913-1914).<\/p>\n<p>Poco despu\u00e9s, en noviembre de 1914, Zapata y Villa entraron en la capital, pero su incapacidad pol\u00edtica para dominar el aparato del Estado y las diferencias que surgieron entre los dos caudillos, a pesar de que Villa hab\u00eda aceptado el plan de Ayala, alentaron la reacci\u00f3n de Carranza. Zapata, se retir\u00f3 a Morelos y concentr\u00f3 su acci\u00f3n en la reconstrucci\u00f3n de su estado, que vivi\u00f3 dieciocho meses de aut\u00e9ntica paz y revoluci\u00f3n agraria mientras luchaban villistas y carrancistas.<\/p>\n<p>\u00daltimos a\u00f1os<\/p>\n<p>En 1916, Carranza y Gonz\u00e1lez urdieron un plan para asesinar a Zapata. Haci\u00e9ndole creer que iba a pasarse a su bando y que les entregar\u00eda municiones y suministros, el coronel Jes\u00fas Guajardo, que dirig\u00eda las operaciones gubernamentales contra \u00e9l, logr\u00f3 atraer a Zapata a un encuentro secreto en la hacienda de Chinameca, en Morelos. Cuando Zapata, acompa\u00f1ado de diez hombres, entr\u00f3 en la hacienda, los soldados que fing\u00edan presentarles armas lo acribillaron a quemarropa.<\/p>\n<hr \/>\n<p>Fuente: biografias.com<\/p>\n<p>Publicado por AiSUR<\/p>\n","protected":false},"excerpt":{"rendered":"<p>8 de agosto de 1879: Nace Emiliano Zapata, revolucionario mexicano Emiliano Zapata (San Miguel Anenecuilco, M\u00e9xico, 1879 &#8211; Morelos, 1919) Revolucionario mexicano. Qued\u00f3 hu\u00e9rfano hacia los trece a\u00f1os, y tanto [&hellip;]<\/p>\n","protected":false},"author":3,"featured_media":21424,"template":"","meta":{"_acf_changed":false,"_EventAllDay":false,"_EventTimezone":"America\/Caracas","_EventStartDate":"2023-08-08 08:00:00","_EventEndDate":"2023-08-08 23:59:59","_EventStartDateUTC":"2023-08-08 12:00:00","_EventEndDateUTC":"2023-08-09 03:59:59","_EventShowMap":true,"_EventShowMapLink":true,"_EventURL":"","_EventCost":"","_EventCostDescription":"","_EventCurrencySymbol":"","_EventCurrencyCode":"","_EventCurrencyPosition":"","_EventDateTimeSeparator":"","_EventTimeRangeSeparator":"","_EventOrganizerID":[0],"_EventVenueID":[21423],"_OrganizerEmail":"","_OrganizerPhone":"","_OrganizerWebsite":"","_VenueAddress":"","_VenueCity":"","_VenueCountry":"","_VenueProvince":"","_VenueState":"","_VenueZip":"","_VenuePhone":"","_VenueURL":"","_VenueStateProvince":"","_VenueLat":"","_VenueLng":"","_VenueShowMap":false,"_VenueShowMapLink":false,"_tribe_events_status":"","_tribe_events_status_reason":"","footnotes":""},"tags":[],"tribe_events_cat":[4684],"class_list":["post-21434","tribe_events","type-tribe_events","status-publish","has-post-thumbnail","hentry","tribe_events_cat-efemerides","cat_efemerides"],"blocksy_meta":[],"acf":[],"_links":{"self":[{"href":"https:\/\/sabereswp.saberesafricanos.net\/index.php\/wp-json\/wp\/v2\/tribe_events\/21434","targetHints":{"allow":["GET"]}}],"collection":[{"href":"https:\/\/sabereswp.saberesafricanos.net\/index.php\/wp-json\/wp\/v2\/tribe_events"}],"about":[{"href":"https:\/\/sabereswp.saberesafricanos.net\/index.php\/wp-json\/wp\/v2\/types\/tribe_events"}],"author":[{"embeddable":true,"href":"https:\/\/sabereswp.saberesafricanos.net\/index.php\/wp-json\/wp\/v2\/users\/3"}],"version-history":[{"count":0,"href":"https:\/\/sabereswp.saberesafricanos.net\/index.php\/wp-json\/wp\/v2\/tribe_events\/21434\/revisions"}],"wp:featuredmedia":[{"embeddable":true,"href":"https:\/\/sabereswp.saberesafricanos.net\/index.php\/wp-json\/wp\/v2\/media\/21424"}],"wp:attachment":[{"href":"https:\/\/sabereswp.saberesafricanos.net\/index.php\/wp-json\/wp\/v2\/media?parent=21434"}],"wp:term":[{"taxonomy":"post_tag","embeddable":true,"href":"https:\/\/sabereswp.saberesafricanos.net\/index.php\/wp-json\/wp\/v2\/tags?post=21434"},{"taxonomy":"tribe_events_cat","embeddable":true,"href":"https:\/\/sabereswp.saberesafricanos.net\/index.php\/wp-json\/wp\/v2\/tribe_events_cat?post=21434"}],"curies":[{"name":"wp","href":"https:\/\/api.w.org\/{rel}","templated":true}]}}

<p><img loading="lazy" decoding="async" class=" size-full wp-image-21424" src="https://sabereswp.saberesafricanos.net/wp-content/uploads/2020/08/Zapata-53b.jpg" alt="Zapata" width="400" height="501" style="border: 2px solid #ffffff; display: block; margin-left: auto; margin-right: auto;" srcset="https://sabereswp.saberesafricanos.net/wp-content/uploads/2020/08/Zapata-53b.jpg 245w, https://sabereswp.saberesafricanos.net/wp-content/uploads/2020/08/Zapata-53b-239x300.jpg 239w" sizes="auto, (max-width: 400px) 100vw, 400px" /></p>
<p><strong>8 de agosto de 1879: Nace Emiliano Zapata, revolucionario mexicano</strong></p>
<p>Emiliano Zapata</p>
<p>(San Miguel Anenecuilco, México, 1879 &#8211; Morelos, 1919) Revolucionario mexicano. Quedó huérfano hacia los trece años, y tanto él como su hermano mayor Eufemio heredaron un poco de tierra y unas cuantas cabezas de ganado, legado con el que debían mantenerse y mantener a sus dos hermanas, María de Jesús y María de la Luz.</p>
<p>Una de las causas de Revolución mexicana fue la nefasta política agraria desarrollada por el régimen de Pofirio Díaz, cuya dilatada dictadura da nombre a todo un periodo de la historia contemporánea de México: el Porfiriato (1876-1911). Se estima que en 1910, año del estallido la Revolución, más del noventa por ciento de los campesinos carecían de tierras, y que alrededor de un millar de latifundistas daba empleo a tres millones de braceros.</p>
<p>La Revolución mexicana</p>
<p>La política agraria y las abismales desigualdades sociales que trajo consigo el Porfiriato figuran entre las causas profundas de la Revolución mexicana, pero su detonante inmediato fue la decisión de Porfirio Díaz de presentarse a las elecciones de 1910.&nbsp;</p>
<p>El Plan de Ayala</p>
<p>Tras la caída de la dictadura de Porfirio Díaz, y ya durante la presidencia interina de León de la Barra, surgieron prontamente las discrepancias entre Zapata, quien reclamaba el inmediato reparto de las tierras de las haciendas entre los campesinos, y Francisco Madero, que por su parte exigía el desarme de las guerrillas. Finalmente, Zapata aceptó el licenciamiento y desarme de sus tropas, con la esperanza de que la elección de Madero como presidente abriera las puertas a la reforma.</p>
<p>Atrapado entre los revolucionarios agraristas y los porfiristas reaccionarios, e incapaz de satisfacer a nadie, el presidente legítimo difícilmente podía sostenerse durante mucho tiempo. Madero cayó víctima de la traición de un antiguo militar porfirista, Victoriano Huerta, general de su confianza prestigiado por su victoria sobre Pascual Orozco. En febrero de 1913, con el apoyo de Estados Unidos, Huerta derrocó a Madero (al que mandó ejecutar) e instauró una férrea dictadura contrarrevolucionaria (1913-1914).</p>
<p>Poco después, en noviembre de 1914, Zapata y Villa entraron en la capital, pero su incapacidad política para dominar el aparato del Estado y las diferencias que surgieron entre los dos caudillos, a pesar de que Villa había aceptado el plan de Ayala, alentaron la reacción de Carranza. Zapata, se retiró a Morelos y concentró su acción en la reconstrucción de su estado, que vivió dieciocho meses de auténtica paz y revolución agraria mientras luchaban villistas y carrancistas.</p>
<p>Últimos años</p>
<p>En 1916, Carranza y González urdieron un plan para asesinar a Zapata. Haciéndole creer que iba a pasarse a su bando y que les entregaría municiones y suministros, el coronel Jesús Guajardo, que dirigía las operaciones gubernamentales contra él, logró atraer a Zapata a un encuentro secreto en la hacienda de Chinameca, en Morelos. Cuando Zapata, acompañado de diez hombres, entró en la hacienda, los soldados que fingían presentarles armas lo acribillaron a quemarropa.</p>
<hr />
<p>Fuente: biografias.com</p>
<p>Publicado por AiSUR</p>

<p>8 de agosto de 1879: Nace Emiliano Zapata, revolucionario mexicano Emiliano Zapata (San Miguel Anenecuilco, México, 1879 &#8211; Morelos, 1919) Revolucionario mexicano. Quedó huérfano hacia los trece años, y tanto [&hellip;]</p>
