{"id":21454,"date":"2020-08-13T20:34:14","date_gmt":"2020-08-14T00:34:14","guid":{"rendered":"https:\/\/sabereswp.saberesafricanos.net\/index.php\/evento\/13-de-agosto-de-1926-nace-fidel-castro-6\/"},"modified":"2020-08-13T20:34:14","modified_gmt":"2020-08-14T00:34:14","slug":"13-de-agosto-de-1926-nace-fidel-castro-6","status":"publish","type":"tribe_events","link":"https:\/\/sabereswp.saberesafricanos.net\/index.php\/evento\/13-de-agosto-de-1926-nace-fidel-castro-6\/","title":{"rendered":"13 de agosto de 1926: Nace Fidel CAstro"},"content":{"rendered":"<p><img decoding=\"async\" class=\" size-full wp-image-21444\" src=\"https:\/\/sabereswp.saberesafricanos.net\/wp-content\/uploads\/2020\/08\/Fidel_Castro-262.jpg\" alt=\"Fidel Castro\" width=\"400\" height=\"320\" dir=\"ltr\" style=\"border: 2px solid #ffffff; display: block; margin-left: auto; margin-right: auto;\" loading=\"lazy\" \/><\/p>\n<p>13 de agosto de 1926, nace Fidel Castro<\/p>\n<p>Fidel Alejandro Castro Ruz naci\u00f3 el 13 de agosto de 1926 en Bir\u00e1n, antigua provincia cubana de Oriente. Su padre, \u00c1ngel Castro Argiz, hijo de campesinos pobres de Galicia, era terrateniente y colono ca\u00f1ero. Su madre, Lina Ruz Gonz\u00e1lez, proven\u00eda de una familia campesina de la provincia de Pinar del R\u00edo.<\/p>\n<p>Aprendi\u00f3 a leer y escribir en la escuela p\u00fablica rural de Bir\u00e1n y continu\u00f3 la ense\u00f1anza primaria en los colegios cat\u00f3licos privados de La Salle y Dolores, en la ciudad de Santiago de Cuba. Inici\u00f3 los estudios de Bachillerato en el propio Colegio de Dolores y los concluy\u00f3 en el Colegio de Bel\u00e9n, de la Compa\u00f1\u00eda de Jes\u00fas, en La Habana, donde se gradu\u00f3 como Bachiller en Letras en junio de 1945.<\/p>\n<p>En septiembre de 1945 matricul\u00f3 en las carreras de Derecho y de Ciencias Sociales y Derecho Diplom\u00e1tico en la Universidad de La Habana. All\u00ed se vincul\u00f3 de inmediato a las luchas pol\u00edticas en el seno del estudiantado universitario y ocup\u00f3 diferentes cargos en la Federaci\u00f3n Estudiantil Universitaria. Fue miembro destacado de diversas organizaciones estudiantiles progresistas y antimperialistas como el Comit\u00e9 Pro-Independencia de Puerto Rico, el Comit\u00e9 30 de Septiembre &#8211; del que fue fundador &#8211; y el Comit\u00e9 Pro-Democracia Dominicana, en el que ocup\u00f3 la presidencia.<\/p>\n<p>Como parte de su actividad pol\u00edtica en esos a\u00f1os, organiz\u00f3 y particip\u00f3 en innumerables actos de protesta y denuncia contra la situaci\u00f3n pol\u00edtica y social en el pa\u00eds. M\u00e1s de una vez fue golpeado o encarcelado por las fuerzas represivas.<\/p>\n<p>Entr\u00f3 en contacto con las ideas marxistas cuando era ya estudiante universitario.<\/p>\n<p>Simpatizante del Partido del Pueblo Cubano (Ortodoxo), de tendencia progresista, particip\u00f3 de manera activa a partir de 1948 en las campa\u00f1as pol\u00edticas de ese Partido y, en particular, de su principal dirigente, Eduardo R. Chib\u00e1s. Dentro de su organizaci\u00f3n pol\u00edtica trabaj\u00f3 por cultivar entre la militancia joven las posiciones m\u00e1s radicales y combativas. Tras la muerte de Chib\u00e1s, redoblo sus esfuerzos para desenmascarar la corrupci\u00f3n del gobierno de Carlos Pr\u00edo.<\/p>\n<p>n marzo de 1949 encabez\u00f3 una protesta frente a la misi\u00f3n diplom\u00e1tica de Estados Unidos en La Habana, para expresar la indignaci\u00f3n popular ante el irrespeto al monumento del H\u00e9roe Nacional de Cuba, Jos\u00e9 Mart\u00ed, por parte de marines norteamericanos.<\/p>\n<p>Fidel se gradu\u00f3 como Doctor en Derecho Civil y Licenciado en Derecho Diplom\u00e1tico en 1950. Desde su bufete, se dedic\u00f3 fundamentalmente a la defensa de personas y sectores humildes.<\/p>\n<p>Al ocurrir el golpe de Estado de Fulgencio Batista, el 10 de marzo de 1952, fue de los primeros en denunciar el car\u00e1cter reaccionario e ileg\u00edtimo del r\u00e9gimen de facto y llamar a su derrocamiento.<\/p>\n<p>Organiz\u00f3 y entren\u00f3 a un numeroso contingente de m\u00e1s de mil j\u00f3venes obreros, empleados y estudiantes, que proven\u00edan fundamentalmente de las filas ortodoxas. Con 160 de ellos, el 26 de julio de 1953 comand\u00f3 el asalto al cuartel Moncada en Santiago de Cuba y al cuartel de Bayamo, en una acci\u00f3n concebida como detonante de la lucha armada contra el r\u00e9gimen de Batista.<\/p>\n<p>Al fallar el factor sorpresa, no pudieron alcanzar el objetivo. Fue hecho prisionero por las fuerzas represivas de la tiran\u00eda pocos d\u00edas despu\u00e9s del rev\u00e9s militar y se le mantuvo incomunicado durante 76 d\u00edas. Fue sometido posteriormente a juicio y condenado a 15 a\u00f1os de prisi\u00f3n. En un ambiente reservado y vigilado, asumi\u00f3 su autodefensa ante el tribunal que lo juzg\u00f3, y pronuncio el alegato conocido como La historia me absolver\u00e1, en el que esbozaba el programa de la futura Revoluci\u00f3n en Cuba.<\/p>\n<p>Desde la c\u00e1rcel prosigui\u00f3 su labor de denuncia del r\u00e9gimen opresor, al tiempo que madur\u00f3 sus planes revolucionarios y profundiz\u00f3 la preparaci\u00f3n te\u00f3rica e ideol\u00f3gica de sus compa\u00f1eros.<\/p>\n<p>Como resultado de una fuerte presi\u00f3n y campa\u00f1as populares, fue liberado en mayo de 1955. En las semanas subsiguientes despleg\u00f3 un intenso trabajo de agitaci\u00f3n y denuncia, y fund\u00f3 el Movimiento 26 de Julio para proseguir la lucha revolucionaria.<\/p>\n<p>Con la divisa: \u00abEn 1956 seremos libres o seremos m\u00e1rtires\u00bb, Fidel, Ra\u00fal, Juan Manuel M\u00e1rquez, Ernesto Che Guevara, Camilo Cienfuegos y otros destacados revolucionarios estuvieron entren\u00e1ndose con largas caminatas por las calles de la ciudad de M\u00e9xico, escalamiento de monta\u00f1as, defensa personal, t\u00e1cticas de guerrillas y pr\u00e1cticas de tiro.<\/p>\n<p>El 20 de junio de 1956, el jefe del Movimiento 26 de Julio, el Che y otros combatientes fueron detenidos, las \u00abcasas campamentos\u00bb quedaron descubiertas y parte importante de las armas fueron incautadas.<\/p>\n<p>El 17 de enero de 1957, dirigi\u00f3 la primera acci\u00f3n armada contra el ej\u00e9rcito de Batista en el cuartel de La Plata y obtuvo su primera victoria. El Ej\u00e9rcito Rebelde comenz\u00f3 a crecer y fortalecerse.<\/p>\n<p>En su condici\u00f3n de Comandante en Jefe, dirigi\u00f3 la acci\u00f3n militar y la lucha revolucionaria de las fuerzas rebeldes y del Movimiento 26 de Julio durante los 25 meses de guerra. Tuvo bajo su mando directo a la Columna Uno \u00abJos\u00e9 Mart\u00ed\u00bb y particip\u00f3 personalmente en casi todas las operaciones, combates y batallas m\u00e1s importantes que tuvieron efecto durante la guerra en el territorio del Primer Frente Rebelde.<\/p>\n<p>Tras contundente derrota de las tropas \u00e9lites de la tiran\u00eda, estas, a trav\u00e9s de sus principales jefes, decidieron reconocer la victoria rebelde en el propio teatro de operaciones de la provincia de Oriente, el 28 de diciembre. Al amanecer del 1ro. de enero de 1959, Fidel enfrent\u00f3, con una huelga general revolucionaria, acatada por todos los trabajadores, el golpe de Estado en la capital de la Rep\u00fablica, promovido por el gobierno de EE.UU. Entr\u00f3 victorioso ese mismo d\u00eda en Santiago de Cuba y arrib\u00f3 a La Habana el 8 de enero.<\/p>\n<p>Al concluir la lucha insurreccional, mantuvo sus funciones como Comandante en Jefe. El 13 de febrero de 1959 fue nombrado Primer Ministro del Gobierno Revolucionario.<\/p>\n<p>Dirigi\u00f3 y particip\u00f3 en todas las acciones emprendidas en defensa del pa\u00eds y de la Revoluci\u00f3n en los casos de agresiones militares procedentes del exterior o actividades de bandas contrarrevolucionarias dentro del pa\u00eds, en especial la derrota de la invasi\u00f3n organizada por la Agencia Central de Inteligencia de los Estados Unidos, llevada a cabo por Playa Gir\u00f3n en abril de 1961.<\/p>\n<p>Condujo al pueblo cubano en los d\u00edas de la dram\u00e1tica Crisis de Octubre de 1962.<\/p>\n<p>En nombre del poder revolucionario, proclam\u00f3 el 16 de abril de 1961 el car\u00e1cter socialista de la Revoluci\u00f3n Cubana.<\/p>\n<p>ntes del Tercer Mundo.<\/p>\n<p>Promovi\u00f3 a escala mundial la batalla del Tercer Mundo contra el orden econ\u00f3mico internacional vigente, en particular contra la deuda externa, el despilfarro de recursos como consecuencia de los gastos militares y la globalizaci\u00f3n neoliberal, as\u00ed como los esfuerzos por la unidad y la integraci\u00f3n de Am\u00e9rica Latina y el Caribe.<\/p>\n<p>Encabez\u00f3 la acci\u00f3n decidida del pueblo cubano para enfrentar los efectos del bloqueo econ\u00f3mico impuesto a Cuba por los Estados Unidos desde hace m\u00e1s de cuarenta a\u00f1os y las consecuencias en el plano econ\u00f3mico del derrumbe de la comunidad socialista europea, y promovi\u00f3 el esfuerzo tenaz de los cubanos para superar las graves dificultades resultantes de estos factores, su resistencia durante el llamado Per\u00edodo Especial y el reinicio del crecimiento y desarrollo econ\u00f3mico del pa\u00eds.<\/p>\n<p>A lo largo de los a\u00f1os de la Revoluci\u00f3n dirigi\u00f3 la lucha del pueblo cubano por la consolidaci\u00f3n del proceso revolucionario, su avance hacia el socialismo, la unidad de las fuerzas revolucionarias y de todo el pueblo, las transformaciones econ\u00f3micas y sociales del pa\u00eds, el desarrollo de la educaci\u00f3n, la salud, el deporte, la cultura y la ciencia, la defensa, el enfrentamiento de las agresiones externas, la conducci\u00f3n de una activa pol\u00edtica exterior de principios, las acciones de solidaridad con los pueblos que luchan por la independencia y el progreso, y la profundizaci\u00f3n de la conciencia revolucionaria, internacionalista y comunista del pueblo.<\/p>\n<hr \/>\n<p>Fuente: Sitio web Fidel Soldado de las Ideas<br \/>Publicado por AiSUR<\/p>\n","protected":false},"excerpt":{"rendered":"<p>13 de agosto de 1926, nace Fidel Castro Fidel Alejandro Castro Ruz naci\u00f3 el 13 de agosto de 1926 en Bir\u00e1n, antigua provincia cubana de Oriente. Su padre, \u00c1ngel Castro [&hellip;]<\/p>\n","protected":false},"author":3,"featured_media":21444,"template":"","meta":{"_acf_changed":false,"_EventAllDay":true,"_EventTimezone":"America\/Caracas","_EventStartDate":"2023-08-13 00:00:00","_EventEndDate":"2023-08-13 23:59:59","_EventStartDateUTC":"2023-08-13 04:00:00","_EventEndDateUTC":"2023-08-14 03:59:59","_EventShowMap":true,"_EventShowMapLink":true,"_EventURL":"","_EventCost":"","_EventCostDescription":"","_EventCurrencySymbol":"","_EventCurrencyCode":"","_EventCurrencyPosition":"","_EventDateTimeSeparator":"","_EventTimeRangeSeparator":"","_EventOrganizerID":[0],"_EventVenueID":[21442],"_OrganizerEmail":"","_OrganizerPhone":"","_OrganizerWebsite":"","_VenueAddress":"","_VenueCity":"","_VenueCountry":"","_VenueProvince":"","_VenueState":"","_VenueZip":"","_VenuePhone":"","_VenueURL":"","_VenueStateProvince":"","_VenueLat":"","_VenueLng":"","_VenueShowMap":false,"_VenueShowMapLink":false,"_tribe_events_status":"","_tribe_events_status_reason":"","footnotes":""},"tags":[],"tribe_events_cat":[4684],"class_list":["post-21454","tribe_events","type-tribe_events","status-publish","has-post-thumbnail","hentry","tribe_events_cat-efemerides","cat_efemerides"],"blocksy_meta":[],"acf":[],"_links":{"self":[{"href":"https:\/\/sabereswp.saberesafricanos.net\/index.php\/wp-json\/wp\/v2\/tribe_events\/21454","targetHints":{"allow":["GET"]}}],"collection":[{"href":"https:\/\/sabereswp.saberesafricanos.net\/index.php\/wp-json\/wp\/v2\/tribe_events"}],"about":[{"href":"https:\/\/sabereswp.saberesafricanos.net\/index.php\/wp-json\/wp\/v2\/types\/tribe_events"}],"author":[{"embeddable":true,"href":"https:\/\/sabereswp.saberesafricanos.net\/index.php\/wp-json\/wp\/v2\/users\/3"}],"version-history":[{"count":0,"href":"https:\/\/sabereswp.saberesafricanos.net\/index.php\/wp-json\/wp\/v2\/tribe_events\/21454\/revisions"}],"wp:featuredmedia":[{"embeddable":true,"href":"https:\/\/sabereswp.saberesafricanos.net\/index.php\/wp-json\/wp\/v2\/media\/21444"}],"wp:attachment":[{"href":"https:\/\/sabereswp.saberesafricanos.net\/index.php\/wp-json\/wp\/v2\/media?parent=21454"}],"wp:term":[{"taxonomy":"post_tag","embeddable":true,"href":"https:\/\/sabereswp.saberesafricanos.net\/index.php\/wp-json\/wp\/v2\/tags?post=21454"},{"taxonomy":"tribe_events_cat","embeddable":true,"href":"https:\/\/sabereswp.saberesafricanos.net\/index.php\/wp-json\/wp\/v2\/tribe_events_cat?post=21454"}],"curies":[{"name":"wp","href":"https:\/\/api.w.org\/{rel}","templated":true}]}}

<p><img decoding="async" class=" size-full wp-image-21444" src="https://sabereswp.saberesafricanos.net/wp-content/uploads/2020/08/Fidel_Castro-262.jpg" alt="Fidel Castro" width="400" height="320" dir="ltr" style="border: 2px solid #ffffff; display: block; margin-left: auto; margin-right: auto;" loading="lazy" /></p>
<p>13 de agosto de 1926, nace Fidel Castro</p>
<p>Fidel Alejandro Castro Ruz nació el 13 de agosto de 1926 en Birán, antigua provincia cubana de Oriente. Su padre, Ángel Castro Argiz, hijo de campesinos pobres de Galicia, era terrateniente y colono cañero. Su madre, Lina Ruz González, provenía de una familia campesina de la provincia de Pinar del Río.</p>
<p>Aprendió a leer y escribir en la escuela pública rural de Birán y continuó la enseñanza primaria en los colegios católicos privados de La Salle y Dolores, en la ciudad de Santiago de Cuba. Inició los estudios de Bachillerato en el propio Colegio de Dolores y los concluyó en el Colegio de Belén, de la Compañía de Jesús, en La Habana, donde se graduó como Bachiller en Letras en junio de 1945.</p>
<p>En septiembre de 1945 matriculó en las carreras de Derecho y de Ciencias Sociales y Derecho Diplomático en la Universidad de La Habana. Allí se vinculó de inmediato a las luchas políticas en el seno del estudiantado universitario y ocupó diferentes cargos en la Federación Estudiantil Universitaria. Fue miembro destacado de diversas organizaciones estudiantiles progresistas y antimperialistas como el Comité Pro-Independencia de Puerto Rico, el Comité 30 de Septiembre &#8211; del que fue fundador &#8211; y el Comité Pro-Democracia Dominicana, en el que ocupó la presidencia.</p>
<p>Como parte de su actividad política en esos años, organizó y participó en innumerables actos de protesta y denuncia contra la situación política y social en el país. Más de una vez fue golpeado o encarcelado por las fuerzas represivas.</p>
<p>Entró en contacto con las ideas marxistas cuando era ya estudiante universitario.</p>
<p>Simpatizante del Partido del Pueblo Cubano (Ortodoxo), de tendencia progresista, participó de manera activa a partir de 1948 en las campañas políticas de ese Partido y, en particular, de su principal dirigente, Eduardo R. Chibás. Dentro de su organización política trabajó por cultivar entre la militancia joven las posiciones más radicales y combativas. Tras la muerte de Chibás, redoblo sus esfuerzos para desenmascarar la corrupción del gobierno de Carlos Prío.</p>
<p>n marzo de 1949 encabezó una protesta frente a la misión diplomática de Estados Unidos en La Habana, para expresar la indignación popular ante el irrespeto al monumento del Héroe Nacional de Cuba, José Martí, por parte de marines norteamericanos.</p>
<p>Fidel se graduó como Doctor en Derecho Civil y Licenciado en Derecho Diplomático en 1950. Desde su bufete, se dedicó fundamentalmente a la defensa de personas y sectores humildes.</p>
<p>Al ocurrir el golpe de Estado de Fulgencio Batista, el 10 de marzo de 1952, fue de los primeros en denunciar el carácter reaccionario e ilegítimo del régimen de facto y llamar a su derrocamiento.</p>
<p>Organizó y entrenó a un numeroso contingente de más de mil jóvenes obreros, empleados y estudiantes, que provenían fundamentalmente de las filas ortodoxas. Con 160 de ellos, el 26 de julio de 1953 comandó el asalto al cuartel Moncada en Santiago de Cuba y al cuartel de Bayamo, en una acción concebida como detonante de la lucha armada contra el régimen de Batista.</p>
<p>Al fallar el factor sorpresa, no pudieron alcanzar el objetivo. Fue hecho prisionero por las fuerzas represivas de la tiranía pocos días después del revés militar y se le mantuvo incomunicado durante 76 días. Fue sometido posteriormente a juicio y condenado a 15 años de prisión. En un ambiente reservado y vigilado, asumió su autodefensa ante el tribunal que lo juzgó, y pronuncio el alegato conocido como La historia me absolverá, en el que esbozaba el programa de la futura Revolución en Cuba.</p>
<p>Desde la cárcel prosiguió su labor de denuncia del régimen opresor, al tiempo que maduró sus planes revolucionarios y profundizó la preparación teórica e ideológica de sus compañeros.</p>
<p>Como resultado de una fuerte presión y campañas populares, fue liberado en mayo de 1955. En las semanas subsiguientes desplegó un intenso trabajo de agitación y denuncia, y fundó el Movimiento 26 de Julio para proseguir la lucha revolucionaria.</p>
<p>Con la divisa: «En 1956 seremos libres o seremos mártires», Fidel, Raúl, Juan Manuel Márquez, Ernesto Che Guevara, Camilo Cienfuegos y otros destacados revolucionarios estuvieron entrenándose con largas caminatas por las calles de la ciudad de México, escalamiento de montañas, defensa personal, tácticas de guerrillas y prácticas de tiro.</p>
<p>El 20 de junio de 1956, el jefe del Movimiento 26 de Julio, el Che y otros combatientes fueron detenidos, las «casas campamentos» quedaron descubiertas y parte importante de las armas fueron incautadas.</p>
<p>El 17 de enero de 1957, dirigió la primera acción armada contra el ejército de Batista en el cuartel de La Plata y obtuvo su primera victoria. El Ejército Rebelde comenzó a crecer y fortalecerse.</p>
<p>En su condición de Comandante en Jefe, dirigió la acción militar y la lucha revolucionaria de las fuerzas rebeldes y del Movimiento 26 de Julio durante los 25 meses de guerra. Tuvo bajo su mando directo a la Columna Uno «José Martí» y participó personalmente en casi todas las operaciones, combates y batallas más importantes que tuvieron efecto durante la guerra en el territorio del Primer Frente Rebelde.</p>
<p>Tras contundente derrota de las tropas élites de la tiranía, estas, a través de sus principales jefes, decidieron reconocer la victoria rebelde en el propio teatro de operaciones de la provincia de Oriente, el 28 de diciembre. Al amanecer del 1ro. de enero de 1959, Fidel enfrentó, con una huelga general revolucionaria, acatada por todos los trabajadores, el golpe de Estado en la capital de la República, promovido por el gobierno de EE.UU. Entró victorioso ese mismo día en Santiago de Cuba y arribó a La Habana el 8 de enero.</p>
<p>Al concluir la lucha insurreccional, mantuvo sus funciones como Comandante en Jefe. El 13 de febrero de 1959 fue nombrado Primer Ministro del Gobierno Revolucionario.</p>
<p>Dirigió y participó en todas las acciones emprendidas en defensa del país y de la Revolución en los casos de agresiones militares procedentes del exterior o actividades de bandas contrarrevolucionarias dentro del país, en especial la derrota de la invasión organizada por la Agencia Central de Inteligencia de los Estados Unidos, llevada a cabo por Playa Girón en abril de 1961.</p>
<p>Condujo al pueblo cubano en los días de la dramática Crisis de Octubre de 1962.</p>
<p>En nombre del poder revolucionario, proclamó el 16 de abril de 1961 el carácter socialista de la Revolución Cubana.</p>
<p>ntes del Tercer Mundo.</p>
<p>Promovió a escala mundial la batalla del Tercer Mundo contra el orden económico internacional vigente, en particular contra la deuda externa, el despilfarro de recursos como consecuencia de los gastos militares y la globalización neoliberal, así como los esfuerzos por la unidad y la integración de América Latina y el Caribe.</p>
<p>Encabezó la acción decidida del pueblo cubano para enfrentar los efectos del bloqueo económico impuesto a Cuba por los Estados Unidos desde hace más de cuarenta años y las consecuencias en el plano económico del derrumbe de la comunidad socialista europea, y promovió el esfuerzo tenaz de los cubanos para superar las graves dificultades resultantes de estos factores, su resistencia durante el llamado Período Especial y el reinicio del crecimiento y desarrollo económico del país.</p>
<p>A lo largo de los años de la Revolución dirigió la lucha del pueblo cubano por la consolidación del proceso revolucionario, su avance hacia el socialismo, la unidad de las fuerzas revolucionarias y de todo el pueblo, las transformaciones económicas y sociales del país, el desarrollo de la educación, la salud, el deporte, la cultura y la ciencia, la defensa, el enfrentamiento de las agresiones externas, la conducción de una activa política exterior de principios, las acciones de solidaridad con los pueblos que luchan por la independencia y el progreso, y la profundización de la conciencia revolucionaria, internacionalista y comunista del pueblo.</p>
<hr />
<p>Fuente: Sitio web Fidel Soldado de las Ideas<br />Publicado por AiSUR</p>

<p>13 de agosto de 1926, nace Fidel Castro Fidel Alejandro Castro Ruz nació el 13 de agosto de 1926 en Birán, antigua provincia cubana de Oriente. Su padre, Ángel Castro [&hellip;]</p>
