{"id":21477,"date":"2020-08-15T13:52:55","date_gmt":"2020-08-15T17:52:55","guid":{"rendered":"https:\/\/sabereswp.saberesafricanos.net\/index.php\/evento\/15-de-agosto-de-1805-juramento-de-monte-sacro-por-simon-bolivar-6\/"},"modified":"2020-08-15T13:52:55","modified_gmt":"2020-08-15T17:52:55","slug":"15-de-agosto-de-1805-juramento-de-monte-sacro-por-simon-bolivar-6","status":"publish","type":"tribe_events","link":"https:\/\/sabereswp.saberesafricanos.net\/index.php\/evento\/15-de-agosto-de-1805-juramento-de-monte-sacro-por-simon-bolivar-6\/","title":{"rendered":"15 de agosto de 1805: Juramento de Monte Sacro por Sim\u00f3n Bolivar"},"content":{"rendered":"<p><img decoding=\"async\" class=\" size-full wp-image-20623\" src=\"https:\/\/sabereswp.saberesafricanos.net\/wp-content\/uploads\/2020\/06\/Simon_Bolivar-61c.jpg\" alt=\"Sim\u00f3n Bol\u00edvar\" dir=\"ltr\" style=\"border: 2px solid #ffffff; display: block; margin-left: auto; margin-right: auto;\" loading=\"lazy\" width=\"302\" height=\"167\" srcset=\"https:\/\/sabereswp.saberesafricanos.net\/wp-content\/uploads\/2020\/06\/Simon_Bolivar-61c.jpg 302w, https:\/\/sabereswp.saberesafricanos.net\/wp-content\/uploads\/2020\/06\/Simon_Bolivar-61c-300x166.jpg 300w\" sizes=\"auto, (max-width: 302px) 100vw, 302px\" \/><\/p>\n<p>15 de agosto de 1805: Juramento de Monte Sacro por Sim\u00f3n Bolivar<\/p>\n<p>El 15 de agosto de 1805, Bol\u00edvar, en compa\u00f1\u00eda de Sim\u00f3n Rodr\u00edguez, subi\u00f3 hasta la cumbre del Aventino, el Monte Sacro de Roma, donde jur\u00f3 consagrar su vida a la liberaci\u00f3n del continente latinoamericano.<\/p>\n<p>\u201c\u00a1Juro delante de usted, juro por el Dios de mis padres, juro por ellos, juro por mi honor y juro por mi patria, que no dar\u00e9 descanso a mi brazo, ni reposo a mi alma, hasta que haya roto las cadenas que nos oprimen por voluntad del poder espa\u00f1ol!\u201d, expres\u00f3 el futuro Libertador.<\/p>\n<p>Para ese entonces, Sim\u00f3n Bol\u00edvar contaba con 22 a\u00f1os de edad y aquellas palabras pronunciadas en Italia fueron la antesala de la gesta libertaria de Am\u00e9rica Latina.<\/p>\n<p>El Juramento del Monte Sacro es un legado de m\u00e1s de dos siglos enunciado por un joven de ideas revolucionarias que maduraron hasta forjar un proyecto de libertad continental, con alcance social y moral para todos sus conciudadanos.<\/p>\n<p>A continuaci\u00f3n texto del Juramento:<\/p>\n<blockquote>\n<p>\u00bfCon que este es el pueblo de R\u00f3mulo y Numa, de los Gracos y los Horacios, de Augusto y de Ner\u00f3n, de C\u00e9sar y de Bruto, de Tiberio y de Trajano? Aqu\u00ed todas las grandezas han tenido su tipo y todas las miserias su cuna. Octavio se disfraza con el manto de la piedad p\u00fablica para ocultar la suspicacia de su car\u00e1cter y sus arrebatos sanguinarios; Bruto clava el pu\u00f1al en el coraz\u00f3n de su protector para reemplazar la tiran\u00eda de C\u00e9sar con la suya propia; Antonio renuncia los derechos de su gloria para embarcarse en las galeras de una meretriz; sin proyectos de reforma, Sila deg\u00fcella a sus compatriotas, y Tiberio, sombr\u00edo como la noche y depravado como el crimen, divide su tiempo entre la concupiscencia y la matanza. Por un Cincinato hubo cien Caracallas, por un Trajano cien Cal\u00edgulas y por un Vespasiano cien Claudios.<\/p>\n<p>Este pueblo ha dado para todo; severidad para los viejos tiempos; austeridad para la Rep\u00fablica; depravaci\u00f3n para los Emperadores; catacumbas para los cristianos; valor para conquistar el mundo entero; ambici\u00f3n para convertir todos los Estados de la tierra en arrabales tributarios; mujeres para hacer pasar las ruedas sacr\u00edlegas de su carruaje sobre el tronco destrozado de sus padres; oradores para conmover, como Cicer\u00f3n; poetas para seducir con su canto, como Virgilio; sat\u00edricos, como Juvenal y Lucrecio; fil\u00f3sofos d\u00e9biles, como S\u00e9neca; y ciudadanos enteros, como Cat\u00f3n.<\/p>\n<p>Este pueblo ha dado para todo, menos para la causa de la humanidad: Mesalinas corrompidas, Agripinas sin entra\u00f1as, grandes historiadores, naturalistas insignes, guerreros ilustres, proc\u00f3nsules rapaces, sibaritas desenfrenados, aquilatadas virtudes y cr\u00edmenes groseros; pero para la emancipaci\u00f3n del esp\u00edritu, para la extirpaci\u00f3n de las preocupaciones, para el enaltecimiento del hombre y para la perfectibilidad definitiva de su raz\u00f3n, bien poco, por no decir nada.<\/p>\n<p>La civilizaci\u00f3n que ha soplado del Oriente, ha mostrado aqu\u00ed todas sus fases, han hecho ver todos sus elementos; mas en cuanto a resolver el gran problema del hombre en libertad, parece que el asunto ha sido desconocido y que el despejo de esa misteriosa inc\u00f3gnita no ha de verificarse sino en el Nuevo Mundo.<\/p>\n<p>\u00a1Juro delante de usted; juro por el Dios de mis padres; juro por ellos; juro por mi honor, y juro por mi Patria, que no dar\u00e9 descanso a mi brazo, ni reposo a mi alma, hasta que haya roto las cadenas que nos oprimen por voluntad del poder espa\u00f1ol!<\/p>\n<hr \/>\n<p>&nbsp;Publicado por AiSUR<\/p>\n<\/blockquote>\n","protected":false},"excerpt":{"rendered":"<p>15 de agosto de 1805: Juramento de Monte Sacro por Sim\u00f3n Bolivar El 15 de agosto de 1805, Bol\u00edvar, en compa\u00f1\u00eda de Sim\u00f3n Rodr\u00edguez, subi\u00f3 hasta la cumbre del Aventino, [&hellip;]<\/p>\n","protected":false},"author":3,"featured_media":20623,"template":"","meta":{"_acf_changed":false,"_EventAllDay":true,"_EventTimezone":"America\/Caracas","_EventStartDate":"2023-08-15 00:00:00","_EventEndDate":"2023-08-15 23:59:59","_EventStartDateUTC":"2023-08-15 04:00:00","_EventEndDateUTC":"2023-08-16 03:59:59","_EventShowMap":true,"_EventShowMapLink":true,"_EventURL":"","_EventCost":"","_EventCostDescription":"","_EventCurrencySymbol":"","_EventCurrencyCode":"","_EventCurrencyPosition":"","_EventDateTimeSeparator":"","_EventTimeRangeSeparator":"","_EventOrganizerID":[0],"_EventVenueID":[21466],"_OrganizerEmail":"","_OrganizerPhone":"","_OrganizerWebsite":"","_VenueAddress":"","_VenueCity":"","_VenueCountry":"","_VenueProvince":"","_VenueState":"","_VenueZip":"","_VenuePhone":"","_VenueURL":"","_VenueStateProvince":"","_VenueLat":"","_VenueLng":"","_VenueShowMap":false,"_VenueShowMapLink":false,"_tribe_events_status":"","_tribe_events_status_reason":"","footnotes":""},"tags":[],"tribe_events_cat":[4684],"class_list":["post-21477","tribe_events","type-tribe_events","status-publish","has-post-thumbnail","hentry","tribe_events_cat-efemerides","cat_efemerides"],"blocksy_meta":[],"acf":[],"_links":{"self":[{"href":"https:\/\/sabereswp.saberesafricanos.net\/index.php\/wp-json\/wp\/v2\/tribe_events\/21477","targetHints":{"allow":["GET"]}}],"collection":[{"href":"https:\/\/sabereswp.saberesafricanos.net\/index.php\/wp-json\/wp\/v2\/tribe_events"}],"about":[{"href":"https:\/\/sabereswp.saberesafricanos.net\/index.php\/wp-json\/wp\/v2\/types\/tribe_events"}],"author":[{"embeddable":true,"href":"https:\/\/sabereswp.saberesafricanos.net\/index.php\/wp-json\/wp\/v2\/users\/3"}],"version-history":[{"count":0,"href":"https:\/\/sabereswp.saberesafricanos.net\/index.php\/wp-json\/wp\/v2\/tribe_events\/21477\/revisions"}],"wp:featuredmedia":[{"embeddable":true,"href":"https:\/\/sabereswp.saberesafricanos.net\/index.php\/wp-json\/wp\/v2\/media\/20623"}],"wp:attachment":[{"href":"https:\/\/sabereswp.saberesafricanos.net\/index.php\/wp-json\/wp\/v2\/media?parent=21477"}],"wp:term":[{"taxonomy":"post_tag","embeddable":true,"href":"https:\/\/sabereswp.saberesafricanos.net\/index.php\/wp-json\/wp\/v2\/tags?post=21477"},{"taxonomy":"tribe_events_cat","embeddable":true,"href":"https:\/\/sabereswp.saberesafricanos.net\/index.php\/wp-json\/wp\/v2\/tribe_events_cat?post=21477"}],"curies":[{"name":"wp","href":"https:\/\/api.w.org\/{rel}","templated":true}]}}

15 de agosto de 1805: Juramento de Monte Sacro por Simón Bolivar

<p><img decoding="async" class=" size-full wp-image-20623" src="https://sabereswp.saberesafricanos.net/wp-content/uploads/2020/06/Simon_Bolivar-61c.jpg" alt="Simón Bolívar" dir="ltr" style="border: 2px solid #ffffff; display: block; margin-left: auto; margin-right: auto;" loading="lazy" width="302" height="167" srcset="https://sabereswp.saberesafricanos.net/wp-content/uploads/2020/06/Simon_Bolivar-61c.jpg 302w, https://sabereswp.saberesafricanos.net/wp-content/uploads/2020/06/Simon_Bolivar-61c-300x166.jpg 300w" sizes="auto, (max-width: 302px) 100vw, 302px" /></p>
<p>15 de agosto de 1805: Juramento de Monte Sacro por Simón Bolivar</p>
<p>El 15 de agosto de 1805, Bolívar, en compañía de Simón Rodríguez, subió hasta la cumbre del Aventino, el Monte Sacro de Roma, donde juró consagrar su vida a la liberación del continente latinoamericano.</p>
<p>“¡Juro delante de usted, juro por el Dios de mis padres, juro por ellos, juro por mi honor y juro por mi patria, que no daré descanso a mi brazo, ni reposo a mi alma, hasta que haya roto las cadenas que nos oprimen por voluntad del poder español!”, expresó el futuro Libertador.</p>
<p>Para ese entonces, Simón Bolívar contaba con 22 años de edad y aquellas palabras pronunciadas en Italia fueron la antesala de la gesta libertaria de América Latina.</p>
<p>El Juramento del Monte Sacro es un legado de más de dos siglos enunciado por un joven de ideas revolucionarias que maduraron hasta forjar un proyecto de libertad continental, con alcance social y moral para todos sus conciudadanos.</p>
<p>A continuación texto del Juramento:</p>
<blockquote>
<p>¿Con que este es el pueblo de Rómulo y Numa, de los Gracos y los Horacios, de Augusto y de Nerón, de César y de Bruto, de Tiberio y de Trajano? Aquí todas las grandezas han tenido su tipo y todas las miserias su cuna. Octavio se disfraza con el manto de la piedad pública para ocultar la suspicacia de su carácter y sus arrebatos sanguinarios; Bruto clava el puñal en el corazón de su protector para reemplazar la tiranía de César con la suya propia; Antonio renuncia los derechos de su gloria para embarcarse en las galeras de una meretriz; sin proyectos de reforma, Sila degüella a sus compatriotas, y Tiberio, sombrío como la noche y depravado como el crimen, divide su tiempo entre la concupiscencia y la matanza. Por un Cincinato hubo cien Caracallas, por un Trajano cien Calígulas y por un Vespasiano cien Claudios.</p>
<p>Este pueblo ha dado para todo; severidad para los viejos tiempos; austeridad para la República; depravación para los Emperadores; catacumbas para los cristianos; valor para conquistar el mundo entero; ambición para convertir todos los Estados de la tierra en arrabales tributarios; mujeres para hacer pasar las ruedas sacrílegas de su carruaje sobre el tronco destrozado de sus padres; oradores para conmover, como Cicerón; poetas para seducir con su canto, como Virgilio; satíricos, como Juvenal y Lucrecio; filósofos débiles, como Séneca; y ciudadanos enteros, como Catón.</p>
<p>Este pueblo ha dado para todo, menos para la causa de la humanidad: Mesalinas corrompidas, Agripinas sin entrañas, grandes historiadores, naturalistas insignes, guerreros ilustres, procónsules rapaces, sibaritas desenfrenados, aquilatadas virtudes y crímenes groseros; pero para la emancipación del espíritu, para la extirpación de las preocupaciones, para el enaltecimiento del hombre y para la perfectibilidad definitiva de su razón, bien poco, por no decir nada.</p>
<p>La civilización que ha soplado del Oriente, ha mostrado aquí todas sus fases, han hecho ver todos sus elementos; mas en cuanto a resolver el gran problema del hombre en libertad, parece que el asunto ha sido desconocido y que el despejo de esa misteriosa incógnita no ha de verificarse sino en el Nuevo Mundo.</p>
<p>¡Juro delante de usted; juro por el Dios de mis padres; juro por ellos; juro por mi honor, y juro por mi Patria, que no daré descanso a mi brazo, ni reposo a mi alma, hasta que haya roto las cadenas que nos oprimen por voluntad del poder español!</p>
<hr />
<p>&nbsp;Publicado por AiSUR</p>
</blockquote>

<p>15 de agosto de 1805: Juramento de Monte Sacro por Simón Bolivar El 15 de agosto de 1805, Bolívar, en compañía de Simón Rodríguez, subió hasta la cumbre del Aventino, [&hellip;]</p>
