{"id":21495,"date":"2020-08-15T22:17:18","date_gmt":"2020-08-16T02:17:18","guid":{"rendered":"https:\/\/sabereswp.saberesafricanos.net\/index.php\/evento\/13-de-agosto-de-1960-independencia-de-la-republica-centroafricana-6\/"},"modified":"2020-08-15T22:17:18","modified_gmt":"2020-08-16T02:17:18","slug":"13-de-agosto-de-1960-independencia-de-la-republica-centroafricana-6","status":"publish","type":"tribe_events","link":"https:\/\/sabereswp.saberesafricanos.net\/index.php\/evento\/13-de-agosto-de-1960-independencia-de-la-republica-centroafricana-6\/","title":{"rendered":"13 de agosto de 1960: Independencia de la Rep\u00fablica Centroafricana"},"content":{"rendered":"<p><img decoding=\"async\" class=\" size-full wp-image-11892\" src=\"https:\/\/sabereswp.saberesafricanos.net\/wp-content\/uploads\/2021\/01\/Republica_Centroafricana-4b9.png\" alt=\"Rep\u00fablica Centroafricana\" width=\"400\" height=\"267\" dir=\"ltr\" style=\"border: 2px solid #ffffff; display: block; margin-left: auto; margin-right: auto;\" loading=\"lazy\" \/><\/p>\n<p>13 de agosto de 1960: Independencia de la Rep\u00fablica Centroafricana<\/p>\n<p>El 1 de diciembre de 1958, la colonia Ubangui-Chari se convirti\u00f3 en un territorio aut\u00f3nomo dentro de la Comunidad Francesa tomando el nombre de Rep\u00fablica Centroafricana. El padre fundador y presidente del Consejo de Gobierno fue <strong>Barth\u00e9l\u00e9my Boganda<\/strong> muerto en un misterioso accidente a\u00e9reo en 1959, tan s\u00f3lo ocho d\u00edas antes de las \u00faltimas elecciones en la era colonial de la RCA.<\/p>\n<p><strong>Rep\u00fablica Centroafricana.<\/strong><\/p>\n<p><strong>El 13 de agosto de 1960,<\/strong> la Rep\u00fablica Centroafricana se independiz\u00f3 y dos de los mayores colaboradores de Boganda, Abel Goumba y David Dacko, se vieron involucrados en una lucha interna por el poder. Con el apoyo de los franceses, Dacko tom\u00f3 el poder y arrest\u00f3 a Goumba, estableciendo hacia 1962 un Estado de partido \u00fanico.<\/p>\n<p>El 31 de diciembre de 1965 Dacko fue derrocado por su primo, el general Jean-B\u00e9del Bokassa, quien suspendi\u00f3 la constituci\u00f3n y disolvi\u00f3 la Asamblea Nacional. El 2 de marzo de 1972 se proclam\u00f3 presidente vitalicio, mariscal el 19 de mayo de 1974, y en 1976 se convirti\u00f3 al Islam adoptando el nombre de Salah Eddine Ahmed Bokassa, para poder obtener el apoyo econ\u00f3mico y militar del l\u00edder libio Gadafi. En 1976 Bokassa cambi\u00f3 el nombre del pa\u00eds por Imperio Centroafricano y se autoproclam\u00f3 emperador con el nombre de Bokassa I en una fastuosa ceremonia inspirada en la coronaci\u00f3n de Napole\u00f3n.&nbsp;<\/p>\n<p>Tras las elecciones en 1993 con el apoyo de la comunidad internacional, Ange-F\u00e9lix Patass\u00e9 obtuvo el primer lugar en la primera ronda de las elecciones seguido por Abel Goumba y David Dacko, mientras que Kolingba termin\u00f3 en cuarto lugar.En la segunda vuelta, Patass\u00e9 se impuso sobre Goumba con un 52,5% de los votos, que en su mayor\u00eda provinieron de los votantes de Gbaya, Kare y Kaba y grandes poblaciones del noroeste. En cambio, los votos de Goumba provinieron de las poblaciones del sur y del este.<\/p>\n<p>El Movimiento para la Liberaci\u00f3n del Pueblo Centroafricano (partido que llev\u00f3 a Patass\u00e9 a la presidencia, MLPC) obtuvo una mayor\u00eda simple pero no absoluta en el Parlamento por lo que requiri\u00f3 de socios en la coalici\u00f3n del gobierno.<\/p>\n<p>En 1994 el Presidente Patass\u00e9 le retir\u00f3 el grado militar al expresidente de facto Kolingba. En diciembre de ese a\u00f1o fue aprobada una nueva Constituci\u00f3n para el pa\u00eds y promulgada el 14 de enero de 1995.<\/p>\n<p>Durante 1996 y 1997 se produjeron varios motines contra el gobierno de Patass\u00e9, acompa\u00f1ados de saqueos, destrucci\u00f3n y tensi\u00f3n \u00e9tnica. El 25 de junio de 1997, los acuerdos de paz de Bangui establecieron la creaci\u00f3n de una fuerza militar africana a fin de garantizar la seguridad en el pa\u00eds y respecto al conflicto en ciernes.<\/p>\n<p>La Misi\u00f3n Interafricana para la Supervisi\u00f3n de los Acuerdos de Bangui (MISAB) fue encabezada por el expresidente de Mal\u00ed Amadou Tour\u00e9, quien tambi\u00e9n ofici\u00f3 como jefe de mediadores e impidi\u00f3 la entrada de los rebeldes al gobierno el 7 de abril de 1997, esa misi\u00f3n fue reemplazada con posterioridad por la Misi\u00f3n de las Naciones Unidas en la Rep\u00fablica Centroafricana.<\/p>\n<p>En las elecciones parlamentarias de 1998 el partido de Andr\u00e9 Kolingba gan\u00f3 20 de las 109 bancas, lo que signific\u00f3 su regreso a la arena pol\u00edtica. No obstante, en 1999, y aun con muchas denuncias de corrupci\u00f3n en su gobierno, Patass\u00e9 obtuvo su segundo mandato a la Presidencia.<\/p>\n<hr \/>\n<p>Publicado por AiSUR<\/p>\n","protected":false},"excerpt":{"rendered":"<p>13 de agosto de 1960: Independencia de la Rep\u00fablica Centroafricana El 1 de diciembre de 1958, la colonia Ubangui-Chari se convirti\u00f3 en un territorio aut\u00f3nomo dentro de la Comunidad Francesa [&hellip;]<\/p>\n","protected":false},"author":3,"featured_media":11892,"template":"","meta":{"_acf_changed":false,"_EventAllDay":true,"_EventTimezone":"America\/Caracas","_EventStartDate":"2023-08-13 00:00:00","_EventEndDate":"2023-08-13 23:59:59","_EventStartDateUTC":"2023-08-13 04:00:00","_EventEndDateUTC":"2023-08-14 03:59:59","_EventShowMap":true,"_EventShowMapLink":true,"_EventURL":"","_EventCost":"","_EventCostDescription":"","_EventCurrencySymbol":"","_EventCurrencyCode":"","_EventCurrencyPosition":"","_EventDateTimeSeparator":"","_EventTimeRangeSeparator":"","_EventOrganizerID":[0],"_EventVenueID":[0],"_OrganizerEmail":"","_OrganizerPhone":"","_OrganizerWebsite":"","_VenueAddress":"","_VenueCity":"","_VenueCountry":"","_VenueProvince":"","_VenueState":"","_VenueZip":"","_VenuePhone":"","_VenueURL":"","_VenueStateProvince":"","_VenueLat":"","_VenueLng":"","_VenueShowMap":false,"_VenueShowMapLink":false,"_tribe_events_status":"","_tribe_events_status_reason":"","footnotes":""},"tags":[],"tribe_events_cat":[4684],"class_list":["post-21495","tribe_events","type-tribe_events","status-publish","has-post-thumbnail","hentry","tribe_events_cat-efemerides","cat_efemerides"],"blocksy_meta":[],"acf":[],"_links":{"self":[{"href":"https:\/\/sabereswp.saberesafricanos.net\/index.php\/wp-json\/wp\/v2\/tribe_events\/21495","targetHints":{"allow":["GET"]}}],"collection":[{"href":"https:\/\/sabereswp.saberesafricanos.net\/index.php\/wp-json\/wp\/v2\/tribe_events"}],"about":[{"href":"https:\/\/sabereswp.saberesafricanos.net\/index.php\/wp-json\/wp\/v2\/types\/tribe_events"}],"author":[{"embeddable":true,"href":"https:\/\/sabereswp.saberesafricanos.net\/index.php\/wp-json\/wp\/v2\/users\/3"}],"version-history":[{"count":0,"href":"https:\/\/sabereswp.saberesafricanos.net\/index.php\/wp-json\/wp\/v2\/tribe_events\/21495\/revisions"}],"wp:featuredmedia":[{"embeddable":true,"href":"https:\/\/sabereswp.saberesafricanos.net\/index.php\/wp-json\/wp\/v2\/media\/11892"}],"wp:attachment":[{"href":"https:\/\/sabereswp.saberesafricanos.net\/index.php\/wp-json\/wp\/v2\/media?parent=21495"}],"wp:term":[{"taxonomy":"post_tag","embeddable":true,"href":"https:\/\/sabereswp.saberesafricanos.net\/index.php\/wp-json\/wp\/v2\/tags?post=21495"},{"taxonomy":"tribe_events_cat","embeddable":true,"href":"https:\/\/sabereswp.saberesafricanos.net\/index.php\/wp-json\/wp\/v2\/tribe_events_cat?post=21495"}],"curies":[{"name":"wp","href":"https:\/\/api.w.org\/{rel}","templated":true}]}}

13 de agosto de 1960: Independencia de la República Centroafricana

<p><img decoding="async" class=" size-full wp-image-11892" src="https://sabereswp.saberesafricanos.net/wp-content/uploads/2021/01/Republica_Centroafricana-4b9.png" alt="República Centroafricana" width="400" height="267" dir="ltr" style="border: 2px solid #ffffff; display: block; margin-left: auto; margin-right: auto;" loading="lazy" /></p>
<p>13 de agosto de 1960: Independencia de la República Centroafricana</p>
<p>El 1 de diciembre de 1958, la colonia Ubangui-Chari se convirtió en un territorio autónomo dentro de la Comunidad Francesa tomando el nombre de República Centroafricana. El padre fundador y presidente del Consejo de Gobierno fue <strong>Barthélémy Boganda</strong> muerto en un misterioso accidente aéreo en 1959, tan sólo ocho días antes de las últimas elecciones en la era colonial de la RCA.</p>
<p><strong>República Centroafricana.</strong></p>
<p><strong>El 13 de agosto de 1960,</strong> la República Centroafricana se independizó y dos de los mayores colaboradores de Boganda, Abel Goumba y David Dacko, se vieron involucrados en una lucha interna por el poder. Con el apoyo de los franceses, Dacko tomó el poder y arrestó a Goumba, estableciendo hacia 1962 un Estado de partido único.</p>
<p>El 31 de diciembre de 1965 Dacko fue derrocado por su primo, el general Jean-Bédel Bokassa, quien suspendió la constitución y disolvió la Asamblea Nacional. El 2 de marzo de 1972 se proclamó presidente vitalicio, mariscal el 19 de mayo de 1974, y en 1976 se convirtió al Islam adoptando el nombre de Salah Eddine Ahmed Bokassa, para poder obtener el apoyo económico y militar del líder libio Gadafi. En 1976 Bokassa cambió el nombre del país por Imperio Centroafricano y se autoproclamó emperador con el nombre de Bokassa I en una fastuosa ceremonia inspirada en la coronación de Napoleón.&nbsp;</p>
<p>Tras las elecciones en 1993 con el apoyo de la comunidad internacional, Ange-Félix Patassé obtuvo el primer lugar en la primera ronda de las elecciones seguido por Abel Goumba y David Dacko, mientras que Kolingba terminó en cuarto lugar.En la segunda vuelta, Patassé se impuso sobre Goumba con un 52,5% de los votos, que en su mayoría provinieron de los votantes de Gbaya, Kare y Kaba y grandes poblaciones del noroeste. En cambio, los votos de Goumba provinieron de las poblaciones del sur y del este.</p>
<p>El Movimiento para la Liberación del Pueblo Centroafricano (partido que llevó a Patassé a la presidencia, MLPC) obtuvo una mayoría simple pero no absoluta en el Parlamento por lo que requirió de socios en la coalición del gobierno.</p>
<p>En 1994 el Presidente Patassé le retiró el grado militar al expresidente de facto Kolingba. En diciembre de ese año fue aprobada una nueva Constitución para el país y promulgada el 14 de enero de 1995.</p>
<p>Durante 1996 y 1997 se produjeron varios motines contra el gobierno de Patassé, acompañados de saqueos, destrucción y tensión étnica. El 25 de junio de 1997, los acuerdos de paz de Bangui establecieron la creación de una fuerza militar africana a fin de garantizar la seguridad en el país y respecto al conflicto en ciernes.</p>
<p>La Misión Interafricana para la Supervisión de los Acuerdos de Bangui (MISAB) fue encabezada por el expresidente de Malí Amadou Touré, quien también ofició como jefe de mediadores e impidió la entrada de los rebeldes al gobierno el 7 de abril de 1997, esa misión fue reemplazada con posterioridad por la Misión de las Naciones Unidas en la República Centroafricana.</p>
<p>En las elecciones parlamentarias de 1998 el partido de André Kolingba ganó 20 de las 109 bancas, lo que significó su regreso a la arena política. No obstante, en 1999, y aun con muchas denuncias de corrupción en su gobierno, Patassé obtuvo su segundo mandato a la Presidencia.</p>
<hr />
<p>Publicado por AiSUR</p>

<p>13 de agosto de 1960: Independencia de la República Centroafricana El 1 de diciembre de 1958, la colonia Ubangui-Chari se convirtió en un territorio autónomo dentro de la Comunidad Francesa [&hellip;]</p>
