{"id":21532,"date":"2020-08-15T22:37:43","date_gmt":"2020-08-16T02:37:43","guid":{"rendered":"https:\/\/sabereswp.saberesafricanos.net\/index.php\/evento\/20-de-agosto-de-1960-independencia-de-senegal-6\/"},"modified":"2020-08-15T22:37:43","modified_gmt":"2020-08-16T02:37:43","slug":"20-de-agosto-de-1960-independencia-de-senegal-6","status":"publish","type":"tribe_events","link":"https:\/\/sabereswp.saberesafricanos.net\/index.php\/evento\/20-de-agosto-de-1960-independencia-de-senegal-6\/","title":{"rendered":"20 de agosto de 1960: Independencia de Senegal"},"content":{"rendered":"<p><img decoding=\"async\" class=\" size-full wp-image-11295\" src=\"https:\/\/sabereswp.saberesafricanos.net\/wp-content\/uploads\/2020\/08\/Senegal-27c.png\" alt=\"Senegal\" width=\"500\" height=\"333\" dir=\"ltr\" style=\"border: 2px solid #ffffff; display: block; margin-left: auto; margin-right: auto;\" loading=\"lazy\" \/><\/p>\n<p><strong>20 de agosto de 1960: Senegal: Independencia.<\/strong><\/p>\n<p>En 1958, despu\u00e9s de su regreso a la arena pol\u00edtica despu\u00e9s del golpe de Estado en Argel, el general De Gaulle propuso un proyecto de constituci\u00f3n sometido a un refer\u00e9ndum en todos los estados africanos. En el refer\u00e9ndum constitucional del 28 de septiembre de 1958, el 97.2% de los senegaleses opta por el estatus de Estado Miembro en el marco de la Comunidad y el pa\u00eds adopta una constituci\u00f3n cercana al modelo franc\u00e9s.<\/p>\n<p><strong>La ef\u00edmera Federaci\u00f3n de Mali.<\/strong><\/p>\n<p>Deseosos de preservar la unidad regional, la Rep\u00fablica de Sud\u00e1n (ahora Mal\u00ed) y Senegal se fusionan en abril de 1959 para formar la Federaci\u00f3n de Mali, que se hizo completamente independiente el 20 de junio de 1960 y cuya capital es Dakar. Esta independencia es el resultado de las transferencias de poderes acordadas en el acuerdo firmado en Francia el 4 de abril de 1960. Un desequilibrio econ\u00f3mico y rivalidades personales provocan el desmembramiento de la federaci\u00f3n el 20 de agosto de 1960. Senegal y Mal\u00ed declaran su independencia y entran por separado en las Naciones Unidas el 28 de septiembre de 1960.<\/p>\n<p>Senegal adopta un r\u00e9gimen parlamentario. Mamadou Dia es el Presidente del Consejo. L\u00e9opold S\u00e9dar Senghor, entonces poeta de fama mundial, es presidente de la Rep\u00fablica. Como recordatorio, fundaron juntos la Uni\u00f3n Progresista Senegalesa (UPS)<\/p>\n<hr \/>\n<p>&nbsp;Publicado por AiSUR<\/p>\n","protected":false},"excerpt":{"rendered":"<p>20 de agosto de 1960: Senegal: Independencia. En 1958, despu\u00e9s de su regreso a la arena pol\u00edtica despu\u00e9s del golpe de Estado en Argel, el general De Gaulle propuso un [&hellip;]<\/p>\n","protected":false},"author":3,"featured_media":11295,"template":"","meta":{"_acf_changed":false,"_EventAllDay":true,"_EventTimezone":"America\/Caracas","_EventStartDate":"2023-08-20 00:00:00","_EventEndDate":"2023-08-20 23:59:59","_EventStartDateUTC":"2023-08-20 04:00:00","_EventEndDateUTC":"2023-08-21 03:59:59","_EventShowMap":true,"_EventShowMapLink":true,"_EventURL":"","_EventCost":"","_EventCostDescription":"","_EventCurrencySymbol":"","_EventCurrencyCode":"","_EventCurrencyPosition":"","_EventDateTimeSeparator":"","_EventTimeRangeSeparator":"","_EventOrganizerID":[0],"_EventVenueID":[18948],"_OrganizerEmail":"","_OrganizerPhone":"","_OrganizerWebsite":"","_VenueAddress":"","_VenueCity":"","_VenueCountry":"","_VenueProvince":"","_VenueState":"","_VenueZip":"","_VenuePhone":"","_VenueURL":"","_VenueStateProvince":"","_VenueLat":"","_VenueLng":"","_VenueShowMap":false,"_VenueShowMapLink":false,"_tribe_events_status":"","_tribe_events_status_reason":"","footnotes":""},"tags":[],"tribe_events_cat":[4684],"class_list":["post-21532","tribe_events","type-tribe_events","status-publish","has-post-thumbnail","hentry","tribe_events_cat-efemerides","cat_efemerides"],"blocksy_meta":[],"acf":[],"_links":{"self":[{"href":"https:\/\/sabereswp.saberesafricanos.net\/index.php\/wp-json\/wp\/v2\/tribe_events\/21532","targetHints":{"allow":["GET"]}}],"collection":[{"href":"https:\/\/sabereswp.saberesafricanos.net\/index.php\/wp-json\/wp\/v2\/tribe_events"}],"about":[{"href":"https:\/\/sabereswp.saberesafricanos.net\/index.php\/wp-json\/wp\/v2\/types\/tribe_events"}],"author":[{"embeddable":true,"href":"https:\/\/sabereswp.saberesafricanos.net\/index.php\/wp-json\/wp\/v2\/users\/3"}],"version-history":[{"count":0,"href":"https:\/\/sabereswp.saberesafricanos.net\/index.php\/wp-json\/wp\/v2\/tribe_events\/21532\/revisions"}],"wp:featuredmedia":[{"embeddable":true,"href":"https:\/\/sabereswp.saberesafricanos.net\/index.php\/wp-json\/wp\/v2\/media\/11295"}],"wp:attachment":[{"href":"https:\/\/sabereswp.saberesafricanos.net\/index.php\/wp-json\/wp\/v2\/media?parent=21532"}],"wp:term":[{"taxonomy":"post_tag","embeddable":true,"href":"https:\/\/sabereswp.saberesafricanos.net\/index.php\/wp-json\/wp\/v2\/tags?post=21532"},{"taxonomy":"tribe_events_cat","embeddable":true,"href":"https:\/\/sabereswp.saberesafricanos.net\/index.php\/wp-json\/wp\/v2\/tribe_events_cat?post=21532"}],"curies":[{"name":"wp","href":"https:\/\/api.w.org\/{rel}","templated":true}]}}

<p><img decoding="async" class=" size-full wp-image-11295" src="https://sabereswp.saberesafricanos.net/wp-content/uploads/2020/08/Senegal-27c.png" alt="Senegal" width="500" height="333" dir="ltr" style="border: 2px solid #ffffff; display: block; margin-left: auto; margin-right: auto;" loading="lazy" /></p>
<p><strong>20 de agosto de 1960: Senegal: Independencia.</strong></p>
<p>En 1958, después de su regreso a la arena política después del golpe de Estado en Argel, el general De Gaulle propuso un proyecto de constitución sometido a un referéndum en todos los estados africanos. En el referéndum constitucional del 28 de septiembre de 1958, el 97.2% de los senegaleses opta por el estatus de Estado Miembro en el marco de la Comunidad y el país adopta una constitución cercana al modelo francés.</p>
<p><strong>La efímera Federación de Mali.</strong></p>
<p>Deseosos de preservar la unidad regional, la República de Sudán (ahora Malí) y Senegal se fusionan en abril de 1959 para formar la Federación de Mali, que se hizo completamente independiente el 20 de junio de 1960 y cuya capital es Dakar. Esta independencia es el resultado de las transferencias de poderes acordadas en el acuerdo firmado en Francia el 4 de abril de 1960. Un desequilibrio económico y rivalidades personales provocan el desmembramiento de la federación el 20 de agosto de 1960. Senegal y Malí declaran su independencia y entran por separado en las Naciones Unidas el 28 de septiembre de 1960.</p>
<p>Senegal adopta un régimen parlamentario. Mamadou Dia es el Presidente del Consejo. Léopold Sédar Senghor, entonces poeta de fama mundial, es presidente de la República. Como recordatorio, fundaron juntos la Unión Progresista Senegalesa (UPS)</p>
<hr />
<p>&nbsp;Publicado por AiSUR</p>

<p>20 de agosto de 1960: Senegal: Independencia. En 1958, después de su regreso a la arena política después del golpe de Estado en Argel, el general De Gaulle propuso un [&hellip;]</p>
