{"id":21590,"date":"2020-08-26T00:13:36","date_gmt":"2020-08-26T04:13:36","guid":{"rendered":"https:\/\/sabereswp.saberesafricanos.net\/index.php\/evento\/2-de-septiembre-de-1945-independencia-de-vietnam-6\/"},"modified":"2020-08-26T00:13:36","modified_gmt":"2020-08-26T04:13:36","slug":"2-de-septiembre-de-1945-independencia-de-vietnam-6","status":"publish","type":"tribe_events","link":"https:\/\/sabereswp.saberesafricanos.net\/index.php\/evento\/2-de-septiembre-de-1945-independencia-de-vietnam-6\/","title":{"rendered":"2 de septiembre de 1945: Independencia de Vietnam"},"content":{"rendered":"<p><img decoding=\"async\" class=\" size-full wp-image-21580\" src=\"https:\/\/sabereswp.saberesafricanos.net\/wp-content\/uploads\/2020\/08\/Ho_Chi_Minh-f95.jpg\" alt=\"Ho Chi Minh\" width=\"600\" height=\"660\" dir=\"ltr\" style=\"border: 2px solid #ffffff; display: block; margin-left: auto; margin-right: auto;\" loading=\"lazy\" srcset=\"https:\/\/sabereswp.saberesafricanos.net\/wp-content\/uploads\/2020\/08\/Ho_Chi_Minh-f95.jpg 340w, https:\/\/sabereswp.saberesafricanos.net\/wp-content\/uploads\/2020\/08\/Ho_Chi_Minh-f95-273x300.jpg 273w\" sizes=\"auto, (max-width: 600px) 100vw, 600px\" \/><\/p>\n<p><strong>2 de septiembre de 1945<\/strong>, en Hanoi, ante cientos de miles de personas que representaban a m\u00e1s de 20 millones de compatriotas, el Presidente Ho Chi Minh ley\u00f3 la Proclamaci\u00f3n de la Independencia, declarando el nacimiento de la Rep\u00fablica Democr\u00e1tica de Vietnam, hoy la Rep\u00fablica Socialista de Vietnam. Desde aquella fecha memorable, la historia de Vietnam pas\u00f3 a una nueva etapa, la de independencia y libertad. A siete d\u00e9cadas de aquel acontecimiento hist\u00f3rico, el pa\u00eds no cesa de desarrollarse y afirmar su posici\u00f3n en la palestra internacional como una naci\u00f3n independiente y soberana.<\/p>\n<p><strong>P\u00e1gina dorada en la historia nacional y acontecimiento internacional<\/strong><\/p>\n<p>El 2 de septiembre de 1945 marc\u00f3 uno de los cap\u00edtulos m\u00e1s gloriosos en la historia de miles a\u00f1os de edificaci\u00f3n y defensa nacional del pueblo vietnamita. La Proclamaci\u00f3n de la Independencia, el primer documento fundacional de esta Rep\u00fablica, ech\u00f3 los cimientos de un Estado de derecho, que aspira a la independencia, la libertad y la felicidad de su pueblo, inspira la creatividad e ilumina el camino revolucionario hacia los nuevos niveles de desarrollo en la construcci\u00f3n de un Estado del pueblo, por y para el pueblo.<\/p>\n<p>El documento tambi\u00e9n sell\u00f3 la victoria de casi un siglo de lucha heroica del pueblo vietnamita contra el colonialismo y el r\u00e9gimen feudal, y reflej\u00f3 su aspiraci\u00f3n a la independencia y la libertad tras la larga noche de la esclavitud. Desde entonces, en calidad de verdaderos due\u00f1os del pa\u00eds, bajo la direcci\u00f3n del Partido Comunista de Vietnam, los vietnamitas realizaron su misi\u00f3n hist\u00f3rica de liberar el sur y reunificar el pa\u00eds, en 1975. El historiador Duong Trung Quoc estim\u00f3: \u201cEl 2 de septiembre de 1945, cuando el Presidente Ho Chi Minh ley\u00f3 la Proclamaci\u00f3n de la Independencia y estableci\u00f3 la Rep\u00fablica, no solo marc\u00f3 el fin de la dominaci\u00f3n del fascismo japon\u00e9s y del colonialismo franc\u00e9s, sino adem\u00e1s del r\u00e9gimen feudal. El hecho condujo al pa\u00eds a una nueva etapa basada en la democracia republicana, con la fuerza que libr\u00f3 la gesta independentista, continu\u00f3 sus posteriores resistencias por la defensa nacional.\u201d<\/p>\n<p>La Declaraci\u00f3n del 2 de septiembre de hace 69 a\u00f1os oficializ\u00f3 a la Rep\u00fablica Democr\u00e1tica de Vietnam, el primer Estado independiente entre las colonias. Tambi\u00e9n dio se\u00f1al a la creaci\u00f3n de una nueva sociedad, con el primer gobierno obrero-campesino en el Sudeste de Asia, y el inicio de una nueva era de independencia y libertad de los pueblos oprimidos en el mundo. El profesor estadounidense George Michael apunt\u00f3: \u201cEn el plano internacional, es muy marcada la influencia de la gesta independentista de Vietnam en 1945. Con este acontecimiento, Vietnam se convirti\u00f3 en un ejemplo para los pa\u00edses coloniales. Creo que esta conquista inspir\u00f3 a todos los pa\u00edses que sufrieron la opresi\u00f3n del colonialismo. Los vietnamitas pueden enorgullecerse de este acontecimiento que lo convirti\u00f3 en el primer pa\u00eds de la regi\u00f3n que logr\u00f3 la independencia luego de la Segunda Guerra Mundial.\u201d<\/p>\n<hr \/>\n<p>Fuente: Voz de Vietnam<br \/>Publicado por AiSUR<\/p>\n","protected":false},"excerpt":{"rendered":"<p>2 de septiembre de 1945, en Hanoi, ante cientos de miles de personas que representaban a m\u00e1s de 20 millones de compatriotas, el Presidente Ho Chi Minh ley\u00f3 la Proclamaci\u00f3n [&hellip;]<\/p>\n","protected":false},"author":5,"featured_media":21580,"template":"","meta":{"_acf_changed":false,"_EventAllDay":false,"_EventTimezone":"America\/Caracas","_EventStartDate":"2023-09-02 08:00:00","_EventEndDate":"2023-09-02 17:00:00","_EventStartDateUTC":"2023-09-02 12:00:00","_EventEndDateUTC":"2023-09-02 21:00:00","_EventShowMap":true,"_EventShowMapLink":true,"_EventURL":"","_EventCost":"","_EventCostDescription":"","_EventCurrencySymbol":"","_EventCurrencyCode":"","_EventCurrencyPosition":"","_EventDateTimeSeparator":"","_EventTimeRangeSeparator":"","_EventOrganizerID":[0],"_EventVenueID":[20221],"_OrganizerEmail":"","_OrganizerPhone":"","_OrganizerWebsite":"","_VenueAddress":"","_VenueCity":"","_VenueCountry":"","_VenueProvince":"","_VenueState":"","_VenueZip":"","_VenuePhone":"","_VenueURL":"","_VenueStateProvince":"","_VenueLat":"","_VenueLng":"","_VenueShowMap":false,"_VenueShowMapLink":false,"_tribe_events_status":"","_tribe_events_status_reason":"","footnotes":""},"tags":[],"tribe_events_cat":[4684],"class_list":["post-21590","tribe_events","type-tribe_events","status-publish","has-post-thumbnail","hentry","tribe_events_cat-efemerides","cat_efemerides"],"blocksy_meta":[],"acf":[],"_links":{"self":[{"href":"https:\/\/sabereswp.saberesafricanos.net\/index.php\/wp-json\/wp\/v2\/tribe_events\/21590","targetHints":{"allow":["GET"]}}],"collection":[{"href":"https:\/\/sabereswp.saberesafricanos.net\/index.php\/wp-json\/wp\/v2\/tribe_events"}],"about":[{"href":"https:\/\/sabereswp.saberesafricanos.net\/index.php\/wp-json\/wp\/v2\/types\/tribe_events"}],"author":[{"embeddable":true,"href":"https:\/\/sabereswp.saberesafricanos.net\/index.php\/wp-json\/wp\/v2\/users\/5"}],"version-history":[{"count":0,"href":"https:\/\/sabereswp.saberesafricanos.net\/index.php\/wp-json\/wp\/v2\/tribe_events\/21590\/revisions"}],"wp:featuredmedia":[{"embeddable":true,"href":"https:\/\/sabereswp.saberesafricanos.net\/index.php\/wp-json\/wp\/v2\/media\/21580"}],"wp:attachment":[{"href":"https:\/\/sabereswp.saberesafricanos.net\/index.php\/wp-json\/wp\/v2\/media?parent=21590"}],"wp:term":[{"taxonomy":"post_tag","embeddable":true,"href":"https:\/\/sabereswp.saberesafricanos.net\/index.php\/wp-json\/wp\/v2\/tags?post=21590"},{"taxonomy":"tribe_events_cat","embeddable":true,"href":"https:\/\/sabereswp.saberesafricanos.net\/index.php\/wp-json\/wp\/v2\/tribe_events_cat?post=21590"}],"curies":[{"name":"wp","href":"https:\/\/api.w.org\/{rel}","templated":true}]}}

<p><img decoding="async" class=" size-full wp-image-21580" src="https://sabereswp.saberesafricanos.net/wp-content/uploads/2020/08/Ho_Chi_Minh-f95.jpg" alt="Ho Chi Minh" width="600" height="660" dir="ltr" style="border: 2px solid #ffffff; display: block; margin-left: auto; margin-right: auto;" loading="lazy" srcset="https://sabereswp.saberesafricanos.net/wp-content/uploads/2020/08/Ho_Chi_Minh-f95.jpg 340w, https://sabereswp.saberesafricanos.net/wp-content/uploads/2020/08/Ho_Chi_Minh-f95-273x300.jpg 273w" sizes="auto, (max-width: 600px) 100vw, 600px" /></p>
<p><strong>2 de septiembre de 1945</strong>, en Hanoi, ante cientos de miles de personas que representaban a más de 20 millones de compatriotas, el Presidente Ho Chi Minh leyó la Proclamación de la Independencia, declarando el nacimiento de la República Democrática de Vietnam, hoy la República Socialista de Vietnam. Desde aquella fecha memorable, la historia de Vietnam pasó a una nueva etapa, la de independencia y libertad. A siete décadas de aquel acontecimiento histórico, el país no cesa de desarrollarse y afirmar su posición en la palestra internacional como una nación independiente y soberana.</p>
<p><strong>Página dorada en la historia nacional y acontecimiento internacional</strong></p>
<p>El 2 de septiembre de 1945 marcó uno de los capítulos más gloriosos en la historia de miles años de edificación y defensa nacional del pueblo vietnamita. La Proclamación de la Independencia, el primer documento fundacional de esta República, echó los cimientos de un Estado de derecho, que aspira a la independencia, la libertad y la felicidad de su pueblo, inspira la creatividad e ilumina el camino revolucionario hacia los nuevos niveles de desarrollo en la construcción de un Estado del pueblo, por y para el pueblo.</p>
<p>El documento también selló la victoria de casi un siglo de lucha heroica del pueblo vietnamita contra el colonialismo y el régimen feudal, y reflejó su aspiración a la independencia y la libertad tras la larga noche de la esclavitud. Desde entonces, en calidad de verdaderos dueños del país, bajo la dirección del Partido Comunista de Vietnam, los vietnamitas realizaron su misión histórica de liberar el sur y reunificar el país, en 1975. El historiador Duong Trung Quoc estimó: “El 2 de septiembre de 1945, cuando el Presidente Ho Chi Minh leyó la Proclamación de la Independencia y estableció la República, no solo marcó el fin de la dominación del fascismo japonés y del colonialismo francés, sino además del régimen feudal. El hecho condujo al país a una nueva etapa basada en la democracia republicana, con la fuerza que libró la gesta independentista, continuó sus posteriores resistencias por la defensa nacional.”</p>
<p>La Declaración del 2 de septiembre de hace 69 años oficializó a la República Democrática de Vietnam, el primer Estado independiente entre las colonias. También dio señal a la creación de una nueva sociedad, con el primer gobierno obrero-campesino en el Sudeste de Asia, y el inicio de una nueva era de independencia y libertad de los pueblos oprimidos en el mundo. El profesor estadounidense George Michael apuntó: “En el plano internacional, es muy marcada la influencia de la gesta independentista de Vietnam en 1945. Con este acontecimiento, Vietnam se convirtió en un ejemplo para los países coloniales. Creo que esta conquista inspiró a todos los países que sufrieron la opresión del colonialismo. Los vietnamitas pueden enorgullecerse de este acontecimiento que lo convirtió en el primer país de la región que logró la independencia luego de la Segunda Guerra Mundial.”</p>
<hr />
<p>Fuente: Voz de Vietnam<br />Publicado por AiSUR</p>

<p>2 de septiembre de 1945, en Hanoi, ante cientos de miles de personas que representaban a más de 20 millones de compatriotas, el Presidente Ho Chi Minh leyó la Proclamación [&hellip;]</p>
