{"id":21616,"date":"2020-08-29T20:06:34","date_gmt":"2020-08-30T00:06:34","guid":{"rendered":"https:\/\/sabereswp.saberesafricanos.net\/index.php\/evento\/30-de-agosto-dia-internacional-de-las-victimas-de-desapariciones-forzadas-8\/"},"modified":"2020-08-29T20:06:34","modified_gmt":"2020-08-30T00:06:34","slug":"30-de-agosto-dia-internacional-de-las-victimas-de-desapariciones-forzadas-8","status":"publish","type":"tribe_events","link":"https:\/\/sabereswp.saberesafricanos.net\/index.php\/evento\/30-de-agosto-dia-internacional-de-las-victimas-de-desapariciones-forzadas-8\/","title":{"rendered":"30 de Agosto: D\u00eda Internacional de las V\u00edctimas de Desapariciones Forzadas"},"content":{"rendered":"<p><span style=\"caret-color: auto;\"><img decoding=\"async\" class=\" size-full wp-image-21606\" src=\"https:\/\/sabereswp.saberesafricanos.net\/wp-content\/uploads\/2020\/08\/Desapecidos_en_Mexico_2012_foto_ACNUDH-4f5.jpg\" alt=\"Desaparecidos en M\u00e9xico 2012 (foto ACNUDH)\" dir=\"ltr\" style=\"border: 2px solid #ffffff; display: block; margin-left: auto; margin-right: auto;\" loading=\"lazy\" width=\"1350\" height=\"500\" srcset=\"https:\/\/sabereswp.saberesafricanos.net\/wp-content\/uploads\/2020\/08\/Desapecidos_en_Mexico_2012_foto_ACNUDH-4f5.jpg 1350w, https:\/\/sabereswp.saberesafricanos.net\/wp-content\/uploads\/2020\/08\/Desapecidos_en_Mexico_2012_foto_ACNUDH-4f5-300x111.jpg 300w, https:\/\/sabereswp.saberesafricanos.net\/wp-content\/uploads\/2020\/08\/Desapecidos_en_Mexico_2012_foto_ACNUDH-4f5-1024x379.jpg 1024w, https:\/\/sabereswp.saberesafricanos.net\/wp-content\/uploads\/2020\/08\/Desapecidos_en_Mexico_2012_foto_ACNUDH-4f5-768x284.jpg 768w\" sizes=\"auto, (max-width: 1350px) 100vw, 1350px\" \/>30 de agosto (desde 2010)<\/span><\/p>\n<p><strong>D\u00eda Internacional de las V\u00edctimas de Desapariciones Forzadas<\/strong><\/p>\n<p>El 21 de diciembre de 2010, la Asamblea General, en virtud de la resoluci\u00f3n A\/RES\/65\/209, expres\u00f3 su preocupaci\u00f3n, en particular, por el aumento de las desapariciones forzadas o involuntarias en diversas regiones del mundo, como los arrestos, las detenciones y los secuestros cuando son parte de las desapariciones forzadas o equivalen a ellas, y por el creciente n\u00famero de denuncias de actos de hostigamiento, maltrato e intimidaci\u00f3n padecidos por testigos de desapariciones o familiares de personas que han desaparecido.<\/p>\n<p>Asimismo, la resoluci\u00f3n acoge con benepl\u00e1cito la aprobaci\u00f3n de la Convenci\u00f3n Internacional para la protecci\u00f3n de todas las personas contra las desapariciones forzadas y decide declarar el 30 de agosto D\u00eda Internacional de las V\u00edctimas de Desapariciones Forzadas, que comenz\u00f3 a observarse en 2011.<\/p>\n<p><strong>La desaparici\u00f3n forzada<\/strong> se usa a menudo como estrategia para infundir el terror en los ciudadanos. La sensaci\u00f3n de inseguridad que esa pr\u00e1ctica genera no se limita a los parientes pr\u00f3ximos del desaparecido, sino que afecta a su comunidad y al conjunto de la sociedad.<\/p>\n<p>La desaparici\u00f3n forzada se ha convertido en un problema mundial que no afecta \u00fanicamente a una regi\u00f3n concreta del mundo. Las desapariciones forzadas, que en su d\u00eda fueron principalmente el producto de las dictaduras militares, pueden perpetrarse hoy d\u00eda en situaciones complejas de conflicto interno, especialmente como m\u00e9todo de represi\u00f3n pol\u00edtica de los oponentes. Es motivo de especial preocupaci\u00f3n:<\/p>\n<p>Cientos de miles de personas han desaparecido durante conflictos o per\u00edodos de represi\u00f3n en al menos 85 pa\u00edses de todo el mundo.<\/p>\n<p><strong>\u00bfA qui\u00e9n afecta?<\/strong><\/p>\n<p>A las propias v\u00edctimas<\/p>\n<p>Las v\u00edctimas, muchas veces torturadas y siempre temerosas de perder la vida, y para los miembros de la familia, que no saben la suerte corrida por sus seres queridos y cuyas emociones oscilan entre la esperanza y la desesperaci\u00f3n, cavilando y esperando, a veces durante a\u00f1os, noticias que acaso nunca lleguen. Las v\u00edctimas saben bien que sus familias desconocen su paradero y que son escasas las posibilidades de que alguien venga a ayudarlas. Al hab\u00e9rselas separado del \u00e1mbito protector de la ley y al haber \u00abdesaparecido\u00bb de la sociedad, se encuentran, de hecho, privadas de todos sus derechos y a merced de sus aprehensores.<\/p>\n<p><strong>A los amigos y familiares de las v\u00edctimas<\/strong><\/p>\n<p>La familia y los amigos de las personas desaparecidas sufren una angustia mental lenta, ignorando si la v\u00edctima vive a\u00fan y, de ser as\u00ed, d\u00f3nde se encuentra recluida, en qu\u00e9 condiciones y cu\u00e1l es su estado de salud. Adem\u00e1s, conscientes de que ellos tambi\u00e9n est\u00e1n amenazados, saben que pueden correr la misma suerte y que el mero hecho de indagar la verdad tal vez les exponga a un peligro a\u00fan mayor.<\/p>\n<p>Adem\u00e1s, no saben cu\u00e1ndo va a regresar, si es que regresa, el ser querido, lo que dificulta su adaptaci\u00f3n a la nueva situaci\u00f3n. En algunos casos, la legislaci\u00f3n nacional puede hacer imposible recibir pensiones u otras ayudas si no existe un certificado de defunci\u00f3n. El resultado es a menudo la marginaci\u00f3n econ\u00f3mica y social.<\/p>\n<p>Las graves privaciones econ\u00f3micas que a menudo acompa\u00f1an a una desaparici\u00f3n afectan con m\u00e1s frecuencia a las mujeres, adem\u00e1s, son las mujeres las que est\u00e1n m\u00e1s a menudo al frente de la lucha para solucionar las desapariciones de miembros de su familia. A ese t\u00edtulo pueden sufrir intimidaci\u00f3n, persecuci\u00f3n y represalias. Cuando las mujeres son las v\u00edctimas de desapariciones, se hacen particularmente vulnerables a la violencia sexual y de otro tipo.<\/p>\n<p>Los ni\u00f1os tambi\u00e9n pueden ser v\u00edctimas de las desapariciones, tanto directa como indirectamente. La desaparici\u00f3n de un ni\u00f1o contraviene claramente varias disposiciones de la Convenci\u00f3n sobre los Derechos del Ni\u00f1o, incluso su derecho a una identidad personal. Privar al ni\u00f1o de uno de sus padres a causa de una desaparici\u00f3n es tambi\u00e9n violar gravemente sus derechos.<\/p>\n<p>Comunidades<\/p>\n<p>Las comunidades est\u00e1n directamente afectadas por la desaparici\u00f3n de sost\u00e9n de la familia, y la degradaci\u00f3n de la situaci\u00f3n de las familias econ\u00f3mica y su marginaci\u00f3n social.<\/p>\n<p>La desaparici\u00f3n forzada se ha usado a menudo como estrategia para infundir el terror en los ciudadanos. La sensaci\u00f3n de inseguridad que esa pr\u00e1ctica genera no se limita a los parientes pr\u00f3ximos del desaparecido, sino que afecta a su comunidad y al conjunto de la sociedad.<\/p>\n<hr \/>\n<p>Fuente: ONU<\/p>\n<p>Publicado por AiSUR<\/p>\n<p>&nbsp;<\/p>\n","protected":false},"excerpt":{"rendered":"<p>30 de agosto (desde 2010) D\u00eda Internacional de las V\u00edctimas de Desapariciones Forzadas El 21 de diciembre de 2010, la Asamblea General, en virtud de la resoluci\u00f3n A\/RES\/65\/209, expres\u00f3 su [&hellip;]<\/p>\n","protected":false},"author":5,"featured_media":21606,"template":"","meta":{"_acf_changed":false,"_EventAllDay":false,"_EventTimezone":"America\/Caracas","_EventStartDate":"2023-08-30 08:00:00","_EventEndDate":"2023-08-30 23:59:59","_EventStartDateUTC":"2023-08-30 12:00:00","_EventEndDateUTC":"2023-08-31 03:59:59","_EventShowMap":true,"_EventShowMapLink":true,"_EventURL":"","_EventCost":"","_EventCostDescription":"","_EventCurrencySymbol":"","_EventCurrencyCode":"","_EventCurrencyPosition":"","_EventDateTimeSeparator":"","_EventTimeRangeSeparator":"","_EventOrganizerID":[0],"_EventVenueID":[19727],"_OrganizerEmail":"","_OrganizerPhone":"","_OrganizerWebsite":"","_VenueAddress":"","_VenueCity":"","_VenueCountry":"","_VenueProvince":"","_VenueState":"","_VenueZip":"","_VenuePhone":"","_VenueURL":"","_VenueStateProvince":"","_VenueLat":"","_VenueLng":"","_VenueShowMap":false,"_VenueShowMapLink":false,"_tribe_events_status":"","_tribe_events_status_reason":"","footnotes":""},"tags":[],"tribe_events_cat":[4684],"class_list":["post-21616","tribe_events","type-tribe_events","status-publish","has-post-thumbnail","hentry","tribe_events_cat-efemerides","cat_efemerides"],"blocksy_meta":[],"acf":[],"_links":{"self":[{"href":"https:\/\/sabereswp.saberesafricanos.net\/index.php\/wp-json\/wp\/v2\/tribe_events\/21616","targetHints":{"allow":["GET"]}}],"collection":[{"href":"https:\/\/sabereswp.saberesafricanos.net\/index.php\/wp-json\/wp\/v2\/tribe_events"}],"about":[{"href":"https:\/\/sabereswp.saberesafricanos.net\/index.php\/wp-json\/wp\/v2\/types\/tribe_events"}],"author":[{"embeddable":true,"href":"https:\/\/sabereswp.saberesafricanos.net\/index.php\/wp-json\/wp\/v2\/users\/5"}],"version-history":[{"count":0,"href":"https:\/\/sabereswp.saberesafricanos.net\/index.php\/wp-json\/wp\/v2\/tribe_events\/21616\/revisions"}],"wp:featuredmedia":[{"embeddable":true,"href":"https:\/\/sabereswp.saberesafricanos.net\/index.php\/wp-json\/wp\/v2\/media\/21606"}],"wp:attachment":[{"href":"https:\/\/sabereswp.saberesafricanos.net\/index.php\/wp-json\/wp\/v2\/media?parent=21616"}],"wp:term":[{"taxonomy":"post_tag","embeddable":true,"href":"https:\/\/sabereswp.saberesafricanos.net\/index.php\/wp-json\/wp\/v2\/tags?post=21616"},{"taxonomy":"tribe_events_cat","embeddable":true,"href":"https:\/\/sabereswp.saberesafricanos.net\/index.php\/wp-json\/wp\/v2\/tribe_events_cat?post=21616"}],"curies":[{"name":"wp","href":"https:\/\/api.w.org\/{rel}","templated":true}]}}

30 de Agosto: Día Internacional de las Víctimas de Desapariciones Forzadas

<p><span style="caret-color: auto;"><img decoding="async" class=" size-full wp-image-21606" src="https://sabereswp.saberesafricanos.net/wp-content/uploads/2020/08/Desapecidos_en_Mexico_2012_foto_ACNUDH-4f5.jpg" alt="Desaparecidos en México 2012 (foto ACNUDH)" dir="ltr" style="border: 2px solid #ffffff; display: block; margin-left: auto; margin-right: auto;" loading="lazy" width="1350" height="500" srcset="https://sabereswp.saberesafricanos.net/wp-content/uploads/2020/08/Desapecidos_en_Mexico_2012_foto_ACNUDH-4f5.jpg 1350w, https://sabereswp.saberesafricanos.net/wp-content/uploads/2020/08/Desapecidos_en_Mexico_2012_foto_ACNUDH-4f5-300x111.jpg 300w, https://sabereswp.saberesafricanos.net/wp-content/uploads/2020/08/Desapecidos_en_Mexico_2012_foto_ACNUDH-4f5-1024x379.jpg 1024w, https://sabereswp.saberesafricanos.net/wp-content/uploads/2020/08/Desapecidos_en_Mexico_2012_foto_ACNUDH-4f5-768x284.jpg 768w" sizes="auto, (max-width: 1350px) 100vw, 1350px" />30 de agosto (desde 2010)</span></p>
<p><strong>Día Internacional de las Víctimas de Desapariciones Forzadas</strong></p>
<p>El 21 de diciembre de 2010, la Asamblea General, en virtud de la resolución A/RES/65/209, expresó su preocupación, en particular, por el aumento de las desapariciones forzadas o involuntarias en diversas regiones del mundo, como los arrestos, las detenciones y los secuestros cuando son parte de las desapariciones forzadas o equivalen a ellas, y por el creciente número de denuncias de actos de hostigamiento, maltrato e intimidación padecidos por testigos de desapariciones o familiares de personas que han desaparecido.</p>
<p>Asimismo, la resolución acoge con beneplácito la aprobación de la Convención Internacional para la protección de todas las personas contra las desapariciones forzadas y decide declarar el 30 de agosto Día Internacional de las Víctimas de Desapariciones Forzadas, que comenzó a observarse en 2011.</p>
<p><strong>La desaparición forzada</strong> se usa a menudo como estrategia para infundir el terror en los ciudadanos. La sensación de inseguridad que esa práctica genera no se limita a los parientes próximos del desaparecido, sino que afecta a su comunidad y al conjunto de la sociedad.</p>
<p>La desaparición forzada se ha convertido en un problema mundial que no afecta únicamente a una región concreta del mundo. Las desapariciones forzadas, que en su día fueron principalmente el producto de las dictaduras militares, pueden perpetrarse hoy día en situaciones complejas de conflicto interno, especialmente como método de represión política de los oponentes. Es motivo de especial preocupación:</p>
<p>Cientos de miles de personas han desaparecido durante conflictos o períodos de represión en al menos 85 países de todo el mundo.</p>
<p><strong>¿A quién afecta?</strong></p>
<p>A las propias víctimas</p>
<p>Las víctimas, muchas veces torturadas y siempre temerosas de perder la vida, y para los miembros de la familia, que no saben la suerte corrida por sus seres queridos y cuyas emociones oscilan entre la esperanza y la desesperación, cavilando y esperando, a veces durante años, noticias que acaso nunca lleguen. Las víctimas saben bien que sus familias desconocen su paradero y que son escasas las posibilidades de que alguien venga a ayudarlas. Al habérselas separado del ámbito protector de la ley y al haber «desaparecido» de la sociedad, se encuentran, de hecho, privadas de todos sus derechos y a merced de sus aprehensores.</p>
<p><strong>A los amigos y familiares de las víctimas</strong></p>
<p>La familia y los amigos de las personas desaparecidas sufren una angustia mental lenta, ignorando si la víctima vive aún y, de ser así, dónde se encuentra recluida, en qué condiciones y cuál es su estado de salud. Además, conscientes de que ellos también están amenazados, saben que pueden correr la misma suerte y que el mero hecho de indagar la verdad tal vez les exponga a un peligro aún mayor.</p>
<p>Además, no saben cuándo va a regresar, si es que regresa, el ser querido, lo que dificulta su adaptación a la nueva situación. En algunos casos, la legislación nacional puede hacer imposible recibir pensiones u otras ayudas si no existe un certificado de defunción. El resultado es a menudo la marginación económica y social.</p>
<p>Las graves privaciones económicas que a menudo acompañan a una desaparición afectan con más frecuencia a las mujeres, además, son las mujeres las que están más a menudo al frente de la lucha para solucionar las desapariciones de miembros de su familia. A ese título pueden sufrir intimidación, persecución y represalias. Cuando las mujeres son las víctimas de desapariciones, se hacen particularmente vulnerables a la violencia sexual y de otro tipo.</p>
<p>Los niños también pueden ser víctimas de las desapariciones, tanto directa como indirectamente. La desaparición de un niño contraviene claramente varias disposiciones de la Convención sobre los Derechos del Niño, incluso su derecho a una identidad personal. Privar al niño de uno de sus padres a causa de una desaparición es también violar gravemente sus derechos.</p>
<p>Comunidades</p>
<p>Las comunidades están directamente afectadas por la desaparición de sostén de la familia, y la degradación de la situación de las familias económica y su marginación social.</p>
<p>La desaparición forzada se ha usado a menudo como estrategia para infundir el terror en los ciudadanos. La sensación de inseguridad que esa práctica genera no se limita a los parientes próximos del desaparecido, sino que afecta a su comunidad y al conjunto de la sociedad.</p>
<hr />
<p>Fuente: ONU</p>
<p>Publicado por AiSUR</p>
<p>&nbsp;</p>

<p>30 de agosto (desde 2010) Día Internacional de las Víctimas de Desapariciones Forzadas El 21 de diciembre de 2010, la Asamblea General, en virtud de la resolución A/RES/65/209, expresó su [&hellip;]</p>
