{"id":21739,"date":"2020-09-16T00:24:28","date_gmt":"2020-09-16T04:24:28","guid":{"rendered":"https:\/\/sabereswp.saberesafricanos.net\/index.php\/evento\/16-de-septiembre-de-1810-independencia-de-mexico-6\/"},"modified":"2020-09-16T00:24:28","modified_gmt":"2020-09-16T04:24:28","slug":"16-de-septiembre-de-1810-independencia-de-mexico-6","status":"publish","type":"tribe_events","link":"https:\/\/sabereswp.saberesafricanos.net\/index.php\/evento\/16-de-septiembre-de-1810-independencia-de-mexico-6\/","title":{"rendered":"16 de septiembre de 1810: Independencia de M\u00e9xico"},"content":{"rendered":"<p><img decoding=\"async\" class=\" size-full wp-image-21729\" src=\"https:\/\/sabereswp.saberesafricanos.net\/wp-content\/uploads\/2020\/09\/Mexico_16_de_septiembre_de_1810-71f.jpg\" alt=\"M\u00e9xico 16 de septiembre de 1810\" width=\"700\" height=\"549\" dir=\"ltr\" style=\"border: 2px solid #ffffff; display: block; margin-left: auto; margin-right: auto;\" loading=\"lazy\" srcset=\"https:\/\/sabereswp.saberesafricanos.net\/wp-content\/uploads\/2020\/09\/Mexico_16_de_septiembre_de_1810-71f.jpg 1200w, https:\/\/sabereswp.saberesafricanos.net\/wp-content\/uploads\/2020\/09\/Mexico_16_de_septiembre_de_1810-71f-300x235.jpg 300w, https:\/\/sabereswp.saberesafricanos.net\/wp-content\/uploads\/2020\/09\/Mexico_16_de_septiembre_de_1810-71f-1024x803.jpg 1024w, https:\/\/sabereswp.saberesafricanos.net\/wp-content\/uploads\/2020\/09\/Mexico_16_de_septiembre_de_1810-71f-768x602.jpg 768w\" sizes=\"auto, (max-width: 700px) 100vw, 700px\" \/><\/p>\n<p><strong>16 de septiembre de 1810: Independencia de M\u00e9xico<\/strong><\/p>\n<p>Se le llama la independencia de M\u00e9xico a la guerra de independencia que empieza 16 de septiembre de 1810.<\/p>\n<p>Cuando el padre hidalgo da el llamado grito de dolores y termina el 27 de septiembre de 1821, cuando el ej\u00e9rcito trigarante llega triunfal a la ciudad de M\u00e9xico.<\/p>\n<p><strong>Primera etapa<\/strong><\/p>\n<p>Abarca desde el Grito de Dolores (16 de septiembre de 1810) hasta la batalla de Puente de Calder\u00f3n (en el actual municipio de Zapotlanejo, Jalisco, el 17 de enero de 1811), cuando la muchedumbre dirigida por Hidalgo -con su famoso estandarte guadalupano en mano- peleaba con m\u00e1s pasi\u00f3n y arrojo que estrategia. En este momento, cuando el cura de Dolores lleg\u00f3 a su cita con la historia en el Puente, sus fuerzas se calculan en alrededor de cien mil hombres (entre criollos, indios, mestizos y gente de las castas). Por su parte, los realistas, soldados leales al virrey y a la corona espa\u00f1ola, deb\u00edan rondar entre los 50 mil efectivos.<\/p>\n<p><strong>Segunda etapa<\/strong><\/p>\n<p>En este periodo entra en escena Jos\u00e9 Mar\u00eda Morelos y Pav\u00f3n. \u00c9ste va desde principios de 1811 hasta la toma del Fuerte de San Diego en Acapulco (en agosto de 1813)<\/p>\n<p><strong>Tercera etapa<\/strong><\/p>\n<p>\u00c9sta se caracteriza por un gran desorden. Con la muerte del \u201cSiervo de la Naci\u00f3n\u201d (fusilado en Ecatepec, en el Estado de M\u00e9xico), se crea un gran vac\u00edo en el mando del grupo insurgente y los realistas, aprovechando esta situaci\u00f3n, al mando del temible General F\u00e9lix Mar\u00eda Calleja logran rehacerse y recuperar la ofensiva. En esta etapa se rinde el \u00faltimo reducto importante insurgente y, t\u00e9cnicamente, los leales a la corona han ganado la guerra. S\u00f3lo unas cuantas partidas, como la que comandaba Vicente Guerrero (en el sur), siguieron en pie de lucha. Este periodo acaba en febrero de 1821 con la firma del trascendental \u201cPlan de Iguala\u201d.<\/p>\n<p><strong>Cuarta etapa<\/strong><\/p>\n<p>\u00c9sta transcurre del 24 de febrero de 1821 hasta el 27 de septiembre de ese mismo a\u00f1o cuando el Ej\u00e9rcito Trigarante, al mando del ex realista, Agust\u00edn de Iturbide, entra triunfal, junto con Vicente Guerrero, a la Ciudad de M\u00e9xico. El contingente, compuesto por los soldados del General Iturbide (ya convertidos) y los insurgentes que a\u00fan quedaban, avanz\u00f3 por la actual calle de Madero en el Centro Hist\u00f3rico de CDMX hasta alcanzar la popular plancha del Z\u00f3calo. Con este pasaje termin\u00f3 formalmente la lucha por la Independencia de M\u00e9xico.<\/p>\n<p><strong>El Cura Hidalgo, Padre de la Patria<\/strong><\/p>\n<p>(Miguel Hidalgo y Costilla, tambi\u00e9n llamado El cura Hidalgo; San Diego Corralejo, Guanajuato, 1753 &#8211; Chihuahua, 1811) Patriota mexicano que inici\u00f3 la lucha por la independencia.<\/p>\n<p>Sacerdote culto y de avanzadas ideas que hab\u00eda trabajado, desde su parroquia en la poblaci\u00f3n de Dolores, por mejorar las condiciones de vida de los feligreses, Miguel Hidalgo se integr\u00f3 activamente en los c\u00edrculos que cuestionaban el estatus colonial y conspiraban para derrocar al virrey espa\u00f1ol. Cuando fue descubierta la conjura en que participaba, su firme determinaci\u00f3n y su llamamiento a tomar las armas (el llamado Grito de Dolores, el 16 de septiembre de 1810) lo erigieron en l\u00edder de un alzamiento popular contra las autoridades coloniales.<\/p>\n<p>A punto estuvo el movimiento de alcanzar y tomar la Ciudad de M\u00e9xico; pero un error t\u00e1ctico, comprensible en quien no era militar ni estratega, debilit\u00f3 su posici\u00f3n y acab\u00f3 con la derrota y ejecuci\u00f3n del cura y sus lugartenientes. Pese al fracaso, Miguel Hidalgo puso en marcha el proceso que conducir\u00eda a la independencia de M\u00e9xico (1821), y su figura destaca singularmente en la medida en que no hubo en su lucha un af\u00e1n de poder o una defensa de los privilegios de las \u00e9lites criollas, sino un imperativo \u00e9tico y un ideal de justicia social al servicio de sus conciudadanos. Por todo ello es el m\u00e1s admirado de los padres de la patria mexicana.<\/p>\n<p>El proceder de Hidalgo dio al movimiento un giro radical. Ya no era el golpe de mano de una \u00e9lite que trataba de establecer un gobierno criollo y esperar el regreso de Fernando VII a Espa\u00f1a: se hab\u00eda convertido en la primera revuelta popular de la Am\u00e9rica espa\u00f1ola, y en ella estall\u00f3 la rabia de los oprimidos. El llamado de Hidalgo fue atendido por centenares de campesinos de los lugares cercanos y, a medida que avanzaban, se les iban uniendo peones e indios de las comunidades. \u00c9stos ve\u00edan en la revuelta la posibilidad de mejorar su m\u00edsera situaci\u00f3n, provocada por las malas cosechas y el alza de precios.<\/p>\n<p>Las vicisitudes de las semanas siguientes pueden ser calificadas de vertiginosas. El 21 de septiembre, con un numeroso, indisciplinado y turbulento batall\u00f3n, Miguel Hidalgo ocup\u00f3 la ciudad de Celaya, donde se repartieron los grados entre los l\u00edderes de la insurrecci\u00f3n: el honor de ser teniente general recay\u00f3 en Ignacio Allende; el sacerdote Miguel Hidalgo fue proclamado sin discusi\u00f3n capit\u00e1n general. El ej\u00e9rcito libertador prosigui\u00f3 su avance y tom\u00f3 seguidamente las ciudades de Salamanca, Irapuato y Silao.<\/p>\n<p>Mientras tanto, las autoridades eclesi\u00e1sticas condenaron con energ\u00eda a los insurrectos, en especial a su m\u00e1s visible cabecilla, a quien acusaron de embaucador, hereje y enemigo de la propiedad privada, cargos por los que fue excomulgado.<\/p>\n<p>Cuando ya el siguiente objetivo era la Ciudad de M\u00e9xico, Hidalgo obtuvo una important\u00edsima victoria sobre Torcuato Trujillo, enviado por el virrey Francisco Javier Venegas para interceptar a los rebeldes. El encuentro tuvo lugar en el Monte de las Cruces el 30 de octubre de 1810: las tropas de Trujillo fueron derrotadas y, despu\u00e9s de la sangrienta batalla, el ej\u00e9rcito realista huy\u00f3 a la capital mexicana, posiblemente a esperar el asalto final.<\/p>\n<p>a en Guadalajara (22 de noviembre), Miguel Hidalgo expidi\u00f3 una declaraci\u00f3n de independencia y form\u00f3 un gobierno provisional; decret\u00f3 adem\u00e1s la abolici\u00f3n de la esclavitud, la supresi\u00f3n de los tributos pagados por los ind\u00edgenas a la Corona y la restituci\u00f3n de las tierras usurpadas por las haciendas.<\/p>\n<p>El 17 de enero de 1811, las tropas de Hidalgo fueron derrotadas en la batalla de Puente de Calder\u00f3n por un contingente de soldados realistas al mando de Calleja. Depuesto del mando por sus compa\u00f1eros de lucha, Hidalgo parti\u00f3 hacia Aguascalientes y Zacatecas, con la intenci\u00f3n de llegar a Estados Unidos para buscar apoyos a su causa, pero fue traicionado por Ignacio Elizondo y capturado en las Norias de Acatita de Baj\u00e1n el 21 de mayo de 1811. En Chihuahua, despu\u00e9s de ser sometido a un doble proceso eclesi\u00e1stico y civil, Hidalgo fue expulsado del sacerdocio y condenado a muerte.<\/p>\n<p>El fusilamiento tuvo lugar en la ma\u00f1ana del 30 de julio de 1811. Las cabezas de Miguel Hidalgo, Ignacio Allende y otros insurgentes se exhibieron como escarmiento colocadas en jaulas en la alh\u00f3ndiga de Granaditas de Guanajuato. Ah\u00ed permanecieron durante varios a\u00f1os.&nbsp;<\/p>\n<p>Tras el establecimiento en 1823 de la Rep\u00fablica Mexicana, Miguel Hidalgo fue reconocido como padre de la patria. El estado de Hidalgo lleva su nombre y la ciudad de Dolores pas\u00f3 a llamarse Dolores Hidalgo en su honor. El 16 de septiembre, d\u00eda en que proclam\u00f3 el alzamiento, se celebra en M\u00e9xico el D\u00eda de la Independencia. Sus restos reposan en la Columna de la Independencia, en la ciudad de M\u00e9xico.<\/p>\n<p>&nbsp;<\/p>\n<hr \/>\n<p>Fuente: Bibliografiasyvidas.com<\/p>\n<p>Publicado por AiSUR<\/p>\n","protected":false},"excerpt":{"rendered":"<p>16 de septiembre de 1810: Independencia de M\u00e9xico Se le llama la independencia de M\u00e9xico a la guerra de independencia que empieza 16 de septiembre de 1810. Cuando el padre [&hellip;]<\/p>\n","protected":false},"author":5,"featured_media":21729,"template":"","meta":{"_acf_changed":false,"_EventAllDay":true,"_EventTimezone":"America\/Caracas","_EventStartDate":"2023-09-16 00:00:00","_EventEndDate":"2023-09-16 23:59:59","_EventStartDateUTC":"2023-09-16 04:00:00","_EventEndDateUTC":"2023-09-17 03:59:59","_EventShowMap":true,"_EventShowMapLink":true,"_EventURL":"","_EventCost":"","_EventCostDescription":"","_EventCurrencySymbol":"","_EventCurrencyCode":"","_EventCurrencyPosition":"","_EventDateTimeSeparator":"","_EventTimeRangeSeparator":"","_EventOrganizerID":[0],"_EventVenueID":[21423],"_OrganizerEmail":"","_OrganizerPhone":"","_OrganizerWebsite":"","_VenueAddress":"","_VenueCity":"","_VenueCountry":"","_VenueProvince":"","_VenueState":"","_VenueZip":"","_VenuePhone":"","_VenueURL":"","_VenueStateProvince":"","_VenueLat":"","_VenueLng":"","_VenueShowMap":false,"_VenueShowMapLink":false,"_tribe_events_status":"","_tribe_events_status_reason":"","footnotes":""},"tags":[],"tribe_events_cat":[4684],"class_list":["post-21739","tribe_events","type-tribe_events","status-publish","has-post-thumbnail","hentry","tribe_events_cat-efemerides","cat_efemerides"],"blocksy_meta":[],"acf":[],"_links":{"self":[{"href":"https:\/\/sabereswp.saberesafricanos.net\/index.php\/wp-json\/wp\/v2\/tribe_events\/21739","targetHints":{"allow":["GET"]}}],"collection":[{"href":"https:\/\/sabereswp.saberesafricanos.net\/index.php\/wp-json\/wp\/v2\/tribe_events"}],"about":[{"href":"https:\/\/sabereswp.saberesafricanos.net\/index.php\/wp-json\/wp\/v2\/types\/tribe_events"}],"author":[{"embeddable":true,"href":"https:\/\/sabereswp.saberesafricanos.net\/index.php\/wp-json\/wp\/v2\/users\/5"}],"version-history":[{"count":0,"href":"https:\/\/sabereswp.saberesafricanos.net\/index.php\/wp-json\/wp\/v2\/tribe_events\/21739\/revisions"}],"wp:featuredmedia":[{"embeddable":true,"href":"https:\/\/sabereswp.saberesafricanos.net\/index.php\/wp-json\/wp\/v2\/media\/21729"}],"wp:attachment":[{"href":"https:\/\/sabereswp.saberesafricanos.net\/index.php\/wp-json\/wp\/v2\/media?parent=21739"}],"wp:term":[{"taxonomy":"post_tag","embeddable":true,"href":"https:\/\/sabereswp.saberesafricanos.net\/index.php\/wp-json\/wp\/v2\/tags?post=21739"},{"taxonomy":"tribe_events_cat","embeddable":true,"href":"https:\/\/sabereswp.saberesafricanos.net\/index.php\/wp-json\/wp\/v2\/tribe_events_cat?post=21739"}],"curies":[{"name":"wp","href":"https:\/\/api.w.org\/{rel}","templated":true}]}}

16 de septiembre de 1810: Independencia de México

<p><img decoding="async" class=" size-full wp-image-21729" src="https://sabereswp.saberesafricanos.net/wp-content/uploads/2020/09/Mexico_16_de_septiembre_de_1810-71f.jpg" alt="México 16 de septiembre de 1810" width="700" height="549" dir="ltr" style="border: 2px solid #ffffff; display: block; margin-left: auto; margin-right: auto;" loading="lazy" srcset="https://sabereswp.saberesafricanos.net/wp-content/uploads/2020/09/Mexico_16_de_septiembre_de_1810-71f.jpg 1200w, https://sabereswp.saberesafricanos.net/wp-content/uploads/2020/09/Mexico_16_de_septiembre_de_1810-71f-300x235.jpg 300w, https://sabereswp.saberesafricanos.net/wp-content/uploads/2020/09/Mexico_16_de_septiembre_de_1810-71f-1024x803.jpg 1024w, https://sabereswp.saberesafricanos.net/wp-content/uploads/2020/09/Mexico_16_de_septiembre_de_1810-71f-768x602.jpg 768w" sizes="auto, (max-width: 700px) 100vw, 700px" /></p>
<p><strong>16 de septiembre de 1810: Independencia de México</strong></p>
<p>Se le llama la independencia de México a la guerra de independencia que empieza 16 de septiembre de 1810.</p>
<p>Cuando el padre hidalgo da el llamado grito de dolores y termina el 27 de septiembre de 1821, cuando el ejército trigarante llega triunfal a la ciudad de México.</p>
<p><strong>Primera etapa</strong></p>
<p>Abarca desde el Grito de Dolores (16 de septiembre de 1810) hasta la batalla de Puente de Calderón (en el actual municipio de Zapotlanejo, Jalisco, el 17 de enero de 1811), cuando la muchedumbre dirigida por Hidalgo -con su famoso estandarte guadalupano en mano- peleaba con más pasión y arrojo que estrategia. En este momento, cuando el cura de Dolores llegó a su cita con la historia en el Puente, sus fuerzas se calculan en alrededor de cien mil hombres (entre criollos, indios, mestizos y gente de las castas). Por su parte, los realistas, soldados leales al virrey y a la corona española, debían rondar entre los 50 mil efectivos.</p>
<p><strong>Segunda etapa</strong></p>
<p>En este periodo entra en escena José María Morelos y Pavón. Éste va desde principios de 1811 hasta la toma del Fuerte de San Diego en Acapulco (en agosto de 1813)</p>
<p><strong>Tercera etapa</strong></p>
<p>Ésta se caracteriza por un gran desorden. Con la muerte del “Siervo de la Nación” (fusilado en Ecatepec, en el Estado de México), se crea un gran vacío en el mando del grupo insurgente y los realistas, aprovechando esta situación, al mando del temible General Félix María Calleja logran rehacerse y recuperar la ofensiva. En esta etapa se rinde el último reducto importante insurgente y, técnicamente, los leales a la corona han ganado la guerra. Sólo unas cuantas partidas, como la que comandaba Vicente Guerrero (en el sur), siguieron en pie de lucha. Este periodo acaba en febrero de 1821 con la firma del trascendental “Plan de Iguala”.</p>
<p><strong>Cuarta etapa</strong></p>
<p>Ésta transcurre del 24 de febrero de 1821 hasta el 27 de septiembre de ese mismo año cuando el Ejército Trigarante, al mando del ex realista, Agustín de Iturbide, entra triunfal, junto con Vicente Guerrero, a la Ciudad de México. El contingente, compuesto por los soldados del General Iturbide (ya convertidos) y los insurgentes que aún quedaban, avanzó por la actual calle de Madero en el Centro Histórico de CDMX hasta alcanzar la popular plancha del Zócalo. Con este pasaje terminó formalmente la lucha por la Independencia de México.</p>
<p><strong>El Cura Hidalgo, Padre de la Patria</strong></p>
<p>(Miguel Hidalgo y Costilla, también llamado El cura Hidalgo; San Diego Corralejo, Guanajuato, 1753 &#8211; Chihuahua, 1811) Patriota mexicano que inició la lucha por la independencia.</p>
<p>Sacerdote culto y de avanzadas ideas que había trabajado, desde su parroquia en la población de Dolores, por mejorar las condiciones de vida de los feligreses, Miguel Hidalgo se integró activamente en los círculos que cuestionaban el estatus colonial y conspiraban para derrocar al virrey español. Cuando fue descubierta la conjura en que participaba, su firme determinación y su llamamiento a tomar las armas (el llamado Grito de Dolores, el 16 de septiembre de 1810) lo erigieron en líder de un alzamiento popular contra las autoridades coloniales.</p>
<p>A punto estuvo el movimiento de alcanzar y tomar la Ciudad de México; pero un error táctico, comprensible en quien no era militar ni estratega, debilitó su posición y acabó con la derrota y ejecución del cura y sus lugartenientes. Pese al fracaso, Miguel Hidalgo puso en marcha el proceso que conduciría a la independencia de México (1821), y su figura destaca singularmente en la medida en que no hubo en su lucha un afán de poder o una defensa de los privilegios de las élites criollas, sino un imperativo ético y un ideal de justicia social al servicio de sus conciudadanos. Por todo ello es el más admirado de los padres de la patria mexicana.</p>
<p>El proceder de Hidalgo dio al movimiento un giro radical. Ya no era el golpe de mano de una élite que trataba de establecer un gobierno criollo y esperar el regreso de Fernando VII a España: se había convertido en la primera revuelta popular de la América española, y en ella estalló la rabia de los oprimidos. El llamado de Hidalgo fue atendido por centenares de campesinos de los lugares cercanos y, a medida que avanzaban, se les iban uniendo peones e indios de las comunidades. Éstos veían en la revuelta la posibilidad de mejorar su mísera situación, provocada por las malas cosechas y el alza de precios.</p>
<p>Las vicisitudes de las semanas siguientes pueden ser calificadas de vertiginosas. El 21 de septiembre, con un numeroso, indisciplinado y turbulento batallón, Miguel Hidalgo ocupó la ciudad de Celaya, donde se repartieron los grados entre los líderes de la insurrección: el honor de ser teniente general recayó en Ignacio Allende; el sacerdote Miguel Hidalgo fue proclamado sin discusión capitán general. El ejército libertador prosiguió su avance y tomó seguidamente las ciudades de Salamanca, Irapuato y Silao.</p>
<p>Mientras tanto, las autoridades eclesiásticas condenaron con energía a los insurrectos, en especial a su más visible cabecilla, a quien acusaron de embaucador, hereje y enemigo de la propiedad privada, cargos por los que fue excomulgado.</p>
<p>Cuando ya el siguiente objetivo era la Ciudad de México, Hidalgo obtuvo una importantísima victoria sobre Torcuato Trujillo, enviado por el virrey Francisco Javier Venegas para interceptar a los rebeldes. El encuentro tuvo lugar en el Monte de las Cruces el 30 de octubre de 1810: las tropas de Trujillo fueron derrotadas y, después de la sangrienta batalla, el ejército realista huyó a la capital mexicana, posiblemente a esperar el asalto final.</p>
<p>a en Guadalajara (22 de noviembre), Miguel Hidalgo expidió una declaración de independencia y formó un gobierno provisional; decretó además la abolición de la esclavitud, la supresión de los tributos pagados por los indígenas a la Corona y la restitución de las tierras usurpadas por las haciendas.</p>
<p>El 17 de enero de 1811, las tropas de Hidalgo fueron derrotadas en la batalla de Puente de Calderón por un contingente de soldados realistas al mando de Calleja. Depuesto del mando por sus compañeros de lucha, Hidalgo partió hacia Aguascalientes y Zacatecas, con la intención de llegar a Estados Unidos para buscar apoyos a su causa, pero fue traicionado por Ignacio Elizondo y capturado en las Norias de Acatita de Baján el 21 de mayo de 1811. En Chihuahua, después de ser sometido a un doble proceso eclesiástico y civil, Hidalgo fue expulsado del sacerdocio y condenado a muerte.</p>
<p>El fusilamiento tuvo lugar en la mañana del 30 de julio de 1811. Las cabezas de Miguel Hidalgo, Ignacio Allende y otros insurgentes se exhibieron como escarmiento colocadas en jaulas en la alhóndiga de Granaditas de Guanajuato. Ahí permanecieron durante varios años.&nbsp;</p>
<p>Tras el establecimiento en 1823 de la República Mexicana, Miguel Hidalgo fue reconocido como padre de la patria. El estado de Hidalgo lleva su nombre y la ciudad de Dolores pasó a llamarse Dolores Hidalgo en su honor. El 16 de septiembre, día en que proclamó el alzamiento, se celebra en México el Día de la Independencia. Sus restos reposan en la Columna de la Independencia, en la ciudad de México.</p>
<p>&nbsp;</p>
<hr />
<p>Fuente: Bibliografiasyvidas.com</p>
<p>Publicado por AiSUR</p>

<p>16 de septiembre de 1810: Independencia de México Se le llama la independencia de México a la guerra de independencia que empieza 16 de septiembre de 1810. Cuando el padre [&hellip;]</p>
